{"id":1916,"date":"2026-04-08T18:02:40","date_gmt":"2026-04-08T16:02:40","guid":{"rendered":"https:\/\/agence-feitler.lu\/property\/apartment-kayl\/"},"modified":"2026-04-08T18:02:43","modified_gmt":"2026-04-08T16:02:43","slug":"apartment-kayl-86185978","status":"publish","type":"property","link":"https:\/\/agence-feitler.lu\/en\/property\/apartment-kayl-86185978\/","title":{"rendered":"Apartment Kayl"},"content":{"rendered":"<p>Appartement lumineux sis au 1er \u00e9tage de +\/- 78,54 m2 et se composant comme suit:<br \/>\nliving, cuisine \u00e9quip\u00e9e, 1 chambre \u00e0 coucher, salle de douche avec fen\u00eatre, hall d&#8217;entr\u00e9e, mansarde au 2e \u00e9tage, cave, garage ferm\u00e9, buanderie commune, jardin commun.<\/p>\n<p>Rev\u00eatement du sol: lamin\u00e9, carrelage<br \/>\nPasseport \u00e9nerg\u00e9tique: II<br \/>\nDisponible: 01.05.2026<\/p>\n<p>Quartier r\u00e9sidentiel proche de tout commerce, bonne connexion bus et acc\u00e8s autoroute.<\/p>\n","protected":false},"excerpt":{"rendered":"<p>Appartement lumineux sis au 1er \u00e9tage de +\/- 78,54 m2 et se composant comme suit: living, cuisine \u00e9quip\u00e9e, 1 chambre \u00e0 coucher, salle de douche avec fen\u00eatre, hall d&#8217;entr\u00e9e, mansarde&#8230;<\/p>\n","protected":false},"featured_media":0,"template":"","meta":{"_acf_changed":false},"class_list":["post-1916","property","type-property","status-publish"],"acf":[],"yoast_head":"<!-- This site is optimized with the Yoast SEO plugin v27.3 - https:\/\/yoast.com\/product\/yoast-seo-wordpress\/ -->\n<title>Apartment Kayl - Agence Feitler<\/title>\n<meta name=\"robots\" content=\"index, follow, max-snippet:-1, max-image-preview:large, max-video-preview:-1\" \/>\n<link rel=\"canonical\" href=\"https:\/\/agence-feitler.lu\/en\/property\/apartment-kayl-86185978\/\" \/>\n<meta property=\"og:locale\" content=\"en_US\" \/>\n<meta property=\"og:type\" content=\"article\" \/>\n<meta property=\"og:title\" content=\"Apartment Kayl - Agence Feitler\" \/>\n<meta property=\"og:description\" content=\"Appartement lumineux sis au 1er \u00e9tage de +\/- 78,54 m2 et se composant comme suit: living, cuisine \u00e9quip\u00e9e, 1 chambre \u00e0 coucher, salle de douche avec fen\u00eatre, hall d&#8217;entr\u00e9e, mansarde...\" \/>\n<meta property=\"og:url\" content=\"https:\/\/agence-feitler.lu\/en\/property\/apartment-kayl-86185978\/\" \/>\n<meta property=\"og:site_name\" content=\"Agence Feitler\" \/>\n<meta property=\"article:modified_time\" content=\"2026-04-08T16:02:43+00:00\" \/>\n<meta name=\"twitter:card\" content=\"summary_large_image\" \/>\n<script type=\"application\/ld+json\" class=\"yoast-schema-graph\">{\"@context\":\"https:\\\/\\\/schema.org\",\"@graph\":[{\"@type\":\"WebPage\",\"@id\":\"https:\\\/\\\/agence-feitler.lu\\\/en\\\/property\\\/apartment-kayl-86185978\\\/\",\"url\":\"https:\\\/\\\/agence-feitler.lu\\\/en\\\/property\\\/apartment-kayl-86185978\\\/\",\"name\":\"Apartment Kayl - Agence Feitler\",\"isPartOf\":{\"@id\":\"https:\\\/\\\/agence-feitler.lu\\\/en\\\/#website\"},\"datePublished\":\"2026-04-08T16:02:40+00:00\",\"dateModified\":\"2026-04-08T16:02:43+00:00\",\"breadcrumb\":{\"@id\":\"https:\\\/\\\/agence-feitler.lu\\\/en\\\/property\\\/apartment-kayl-86185978\\\/#breadcrumb\"},\"inLanguage\":\"en-US\",\"potentialAction\":[{\"@type\":\"ReadAction\",\"target\":[\"https:\\\/\\\/agence-feitler.lu\\\/en\\\/property\\\/apartment-kayl-86185978\\\/\"]}]},{\"@type\":\"BreadcrumbList\",\"@id\":\"https:\\\/\\\/agence-feitler.lu\\\/en\\\/property\\\/apartment-kayl-86185978\\\/#breadcrumb\",\"itemListElement\":[{\"@type\":\"ListItem\",\"position\":1,\"name\":\"Start\",\"item\":\"https:\\\/\\\/agence-feitler.lu\\\/en\\\/\"},{\"@type\":\"ListItem\",\"position\":2,\"name\":\"Apartment Kayl\"}]},{\"@type\":\"WebSite\",\"@id\":\"https:\\\/\\\/agence-feitler.lu\\\/en\\\/#website\",\"url\":\"https:\\\/\\\/agence-feitler.lu\\\/en\\\/\",\"name\":\"Agence Feitler\",\"description\":\"\",\"publisher\":{\"@id\":\"https:\\\/\\\/agence-feitler.lu\\\/en\\\/#organization\"},\"potentialAction\":[{\"@type\":\"SearchAction\",\"target\":{\"@type\":\"EntryPoint\",\"urlTemplate\":\"https:\\\/\\\/agence-feitler.lu\\\/en\\\/?s={search_term_string}\"},\"query-input\":{\"@type\":\"PropertyValueSpecification\",\"valueRequired\":true,\"valueName\":\"search_term_string\"}}],\"inLanguage\":\"en-US\"},{\"@type\":\"Organization\",\"@id\":\"https:\\\/\\\/agence-feitler.lu\\\/en\\\/#organization\",\"name\":\"Agence Feitler\",\"url\":\"https:\\\/\\\/agence-feitler.lu\\\/en\\\/\",\"logo\":{\"@type\":\"ImageObject\",\"inLanguage\":\"en-US\",\"@id\":\"https:\\\/\\\/agence-feitler.lu\\\/en\\\/#\\\/schema\\\/logo\\\/image\\\/\",\"url\":\"https:\\\/\\\/agence-feitler.lu\\\/wp-content\\\/uploads\\\/2025\\\/10\\\/mfeitler-fav.png\",\"contentUrl\":\"https:\\\/\\\/agence-feitler.lu\\\/wp-content\\\/uploads\\\/2025\\\/10\\\/mfeitler-fav.png\",\"width\":512,\"height\":512,\"caption\":\"Agence Feitler\"},\"image\":{\"@id\":\"https:\\\/\\\/agence-feitler.lu\\\/en\\\/#\\\/schema\\\/logo\\\/image\\\/\"}}]}<\/script>\n<!-- \/ Yoast SEO plugin. -->","yoast_head_json":{"title":"Apartment Kayl - Agence Feitler","robots":{"index":"index","follow":"follow","max-snippet":"max-snippet:-1","max-image-preview":"max-image-preview:large","max-video-preview":"max-video-preview:-1"},"canonical":"https:\/\/agence-feitler.lu\/en\/property\/apartment-kayl-86185978\/","og_locale":"en_US","og_type":"article","og_title":"Apartment Kayl - Agence Feitler","og_description":"Appartement lumineux sis au 1er \u00e9tage de +\/- 78,54 m2 et se composant comme suit: living, cuisine \u00e9quip\u00e9e, 1 chambre \u00e0 coucher, salle de douche avec fen\u00eatre, hall d&#8217;entr\u00e9e, mansarde...","og_url":"https:\/\/agence-feitler.lu\/en\/property\/apartment-kayl-86185978\/","og_site_name":"Agence Feitler","article_modified_time":"2026-04-08T16:02:43+00:00","twitter_card":"summary_large_image","schema":{"@context":"https:\/\/schema.org","@graph":[{"@type":"WebPage","@id":"https:\/\/agence-feitler.lu\/en\/property\/apartment-kayl-86185978\/","url":"https:\/\/agence-feitler.lu\/en\/property\/apartment-kayl-86185978\/","name":"Apartment Kayl - Agence Feitler","isPartOf":{"@id":"https:\/\/agence-feitler.lu\/en\/#website"},"datePublished":"2026-04-08T16:02:40+00:00","dateModified":"2026-04-08T16:02:43+00:00","breadcrumb":{"@id":"https:\/\/agence-feitler.lu\/en\/property\/apartment-kayl-86185978\/#breadcrumb"},"inLanguage":"en-US","potentialAction":[{"@type":"ReadAction","target":["https:\/\/agence-feitler.lu\/en\/property\/apartment-kayl-86185978\/"]}]},{"@type":"BreadcrumbList","@id":"https:\/\/agence-feitler.lu\/en\/property\/apartment-kayl-86185978\/#breadcrumb","itemListElement":[{"@type":"ListItem","position":1,"name":"Start","item":"https:\/\/agence-feitler.lu\/en\/"},{"@type":"ListItem","position":2,"name":"Apartment Kayl"}]},{"@type":"WebSite","@id":"https:\/\/agence-feitler.lu\/en\/#website","url":"https:\/\/agence-feitler.lu\/en\/","name":"Agence Feitler","description":"","publisher":{"@id":"https:\/\/agence-feitler.lu\/en\/#organization"},"potentialAction":[{"@type":"SearchAction","target":{"@type":"EntryPoint","urlTemplate":"https:\/\/agence-feitler.lu\/en\/?s={search_term_string}"},"query-input":{"@type":"PropertyValueSpecification","valueRequired":true,"valueName":"search_term_string"}}],"inLanguage":"en-US"},{"@type":"Organization","@id":"https:\/\/agence-feitler.lu\/en\/#organization","name":"Agence Feitler","url":"https:\/\/agence-feitler.lu\/en\/","logo":{"@type":"ImageObject","inLanguage":"en-US","@id":"https:\/\/agence-feitler.lu\/en\/#\/schema\/logo\/image\/","url":"https:\/\/agence-feitler.lu\/wp-content\/uploads\/2025\/10\/mfeitler-fav.png","contentUrl":"https:\/\/agence-feitler.lu\/wp-content\/uploads\/2025\/10\/mfeitler-fav.png","width":512,"height":512,"caption":"Agence Feitler"},"image":{"@id":"https:\/\/agence-feitler.lu\/en\/#\/schema\/logo\/image\/"}}]}},"_links":{"self":[{"href":"https:\/\/agence-feitler.lu\/en\/wp-json\/wp\/v2\/property\/1916","targetHints":{"allow":["GET"]}}],"collection":[{"href":"https:\/\/agence-feitler.lu\/en\/wp-json\/wp\/v2\/property"}],"about":[{"href":"https:\/\/agence-feitler.lu\/en\/wp-json\/wp\/v2\/types\/property"}],"wp:attachment":[{"href":"https:\/\/agence-feitler.lu\/en\/wp-json\/wp\/v2\/media?parent=1916"}],"curies":[{"name":"wp","href":"https:\/\/api.w.org\/{rel}","templated":true}]}}

<p>Appartement lumineux sis au 1er étage de +/- 78,54 m2 et se composant comme suit:<br />
living, cuisine équipée, 1 chambre à coucher, salle de douche avec fenêtre, hall d&#8217;entrée, mansarde au 2e étage, cave, garage fermé, buanderie commune, jardin commun.</p>
<p>Revêtement du sol: laminé, carrelage<br />
Passeport énergétique: II<br />
Disponible: 01.05.2026</p>
<p>Quartier résidentiel proche de tout commerce, bonne connexion bus et accès autoroute.</p>

<p>Appartement lumineux sis au 1er étage de +/- 78,54 m2 et se composant comme suit: living, cuisine équipée, 1 chambre à coucher, salle de douche avec fenêtre, hall d&#8217;entrée, mansarde&#8230;</p>

<!-- This site is optimized with the Yoast SEO plugin v27.3 - https://yoast.com/product/yoast-seo-wordpress/ -->
<title>Apartment Kayl - Agence Feitler</title>
<meta name="robots" content="index, follow, max-snippet:-1, max-image-preview:large, max-video-preview:-1" />
<link rel="canonical" href="https://agence-feitler.lu/en/property/apartment-kayl-86185978/" />
<meta property="og:locale" content="en_US" />
<meta property="og:type" content="article" />
<meta property="og:title" content="Apartment Kayl - Agence Feitler" />
<meta property="og:description" content="Appartement lumineux sis au 1er étage de +/- 78,54 m2 et se composant comme suit: living, cuisine équipée, 1 chambre à coucher, salle de douche avec fenêtre, hall d&#8217;entrée, mansarde..." />
<meta property="og:url" content="https://agence-feitler.lu/en/property/apartment-kayl-86185978/" />
<meta property="og:site_name" content="Agence Feitler" />
<meta property="article:modified_time" content="2026-04-08T16:02:43+00:00" />
<meta name="twitter:card" content="summary_large_image" />
<script type="application/ld+json" class="yoast-schema-graph">{"@context":"https:\/\/schema.org","@graph":[{"@type":"WebPage","@id":"https:\/\/agence-feitler.lu\/en\/property\/apartment-kayl-86185978\/","url":"https:\/\/agence-feitler.lu\/en\/property\/apartment-kayl-86185978\/","name":"Apartment Kayl - Agence Feitler","isPartOf":{"@id":"https:\/\/agence-feitler.lu\/en\/#website"},"datePublished":"2026-04-08T16:02:40+00:00","dateModified":"2026-04-08T16:02:43+00:00","breadcrumb":{"@id":"https:\/\/agence-feitler.lu\/en\/property\/apartment-kayl-86185978\/#breadcrumb"},"inLanguage":"en-US","potentialAction":[{"@type":"ReadAction","target":["https:\/\/agence-feitler.lu\/en\/property\/apartment-kayl-86185978\/"]}]},{"@type":"BreadcrumbList","@id":"https:\/\/agence-feitler.lu\/en\/property\/apartment-kayl-86185978\/#breadcrumb","itemListElement":[{"@type":"ListItem","position":1,"name":"Start","item":"https:\/\/agence-feitler.lu\/en\/"},{"@type":"ListItem","position":2,"name":"Apartment Kayl"}]},{"@type":"WebSite","@id":"https:\/\/agence-feitler.lu\/en\/#website","url":"https:\/\/agence-feitler.lu\/en\/","name":"Agence Feitler","description":"","publisher":{"@id":"https:\/\/agence-feitler.lu\/en\/#organization"},"potentialAction":[{"@type":"SearchAction","target":{"@type":"EntryPoint","urlTemplate":"https:\/\/agence-feitler.lu\/en\/?s={search_term_string}"},"query-input":{"@type":"PropertyValueSpecification","valueRequired":true,"valueName":"search_term_string"}}],"inLanguage":"en-US"},{"@type":"Organization","@id":"https:\/\/agence-feitler.lu\/en\/#organization","name":"Agence Feitler","url":"https:\/\/agence-feitler.lu\/en\/","logo":{"@type":"ImageObject","inLanguage":"en-US","@id":"https:\/\/agence-feitler.lu\/en\/#\/schema\/logo\/image\/","url":"https:\/\/agence-feitler.lu\/wp-content\/uploads\/2025\/10\/mfeitler-fav.png","contentUrl":"https:\/\/agence-feitler.lu\/wp-content\/uploads\/2025\/10\/mfeitler-fav.png","width":512,"height":512,"caption":"Agence Feitler"},"image":{"@id":"https:\/\/agence-feitler.lu\/en\/#\/schema\/logo\/image\/"}}]}</script>
<!-- / Yoast SEO plugin. -->

Appartement lumineux sis au 1er étage de +/- 78,54 m2 et se composant comme suit: living, cuisine équipée, 1 chambre à coucher, salle de douche avec fenêtre, hall d&#8217;entrée, mansarde...
