{"id":1875,"date":"2026-03-13T11:59:39","date_gmt":"2026-03-13T10:59:39","guid":{"rendered":"https:\/\/agence-feitler.lu\/property\/office-luxembourg\/"},"modified":"2026-03-13T11:59:40","modified_gmt":"2026-03-13T10:59:40","slug":"office-luxembourg-86816364","status":"publish","type":"property","link":"https:\/\/agence-feitler.lu\/en\/property\/office-luxembourg-86816364\/","title":{"rendered":"Office Luxembourg"},"content":{"rendered":"<p>Agr\u00e9able cabinet m\u00e9dical de +\/-80 m2 sis en rez-de-jardin, qui se compose comme suit:<br \/>\nsalle d&#8217;attente, 3 pi\u00e8ces dont deux en enfilade, hall d&#8217;entr\u00e9e, WC s\u00e9par\u00e9<\/p>\n<p>Sol: Carrelage<br \/>\nDisponible \u00e0 convenir<\/p>\n<p>Bureaux se pr\u00eatant pour cabinet de psychologie, psychoth\u00e9rapie, psychiatre etc.<\/p>\n<p>Situation calme avec vue d\u00e9gag\u00e9e<\/p>\n","protected":false},"excerpt":{"rendered":"<p>Agr\u00e9able cabinet m\u00e9dical de +\/-80 m2 sis en rez-de-jardin, qui se compose comme suit: salle d&#8217;attente, 3 pi\u00e8ces dont deux en enfilade, hall d&#8217;entr\u00e9e, WC s\u00e9par\u00e9 Sol: Carrelage Disponible \u00e0&#8230;<\/p>\n","protected":false},"featured_media":0,"template":"","meta":{"_acf_changed":false},"class_list":["post-1875","property","type-property","status-publish"],"acf":[],"yoast_head":"<!-- This site is optimized with the Yoast SEO plugin v27.3 - https:\/\/yoast.com\/product\/yoast-seo-wordpress\/ -->\n<title>Office Luxembourg - Agence Feitler<\/title>\n<meta name=\"robots\" content=\"index, follow, max-snippet:-1, max-image-preview:large, max-video-preview:-1\" \/>\n<link rel=\"canonical\" href=\"https:\/\/agence-feitler.lu\/en\/property\/office-luxembourg-86816364\/\" \/>\n<meta property=\"og:locale\" content=\"en_US\" \/>\n<meta property=\"og:type\" content=\"article\" \/>\n<meta property=\"og:title\" content=\"Office Luxembourg - Agence Feitler\" \/>\n<meta property=\"og:description\" content=\"Agr\u00e9able cabinet m\u00e9dical de +\/-80 m2 sis en rez-de-jardin, qui se compose comme suit: salle d&#8217;attente, 3 pi\u00e8ces dont deux en enfilade, hall d&#8217;entr\u00e9e, WC s\u00e9par\u00e9 Sol: Carrelage Disponible \u00e0...\" \/>\n<meta property=\"og:url\" content=\"https:\/\/agence-feitler.lu\/en\/property\/office-luxembourg-86816364\/\" \/>\n<meta property=\"og:site_name\" content=\"Agence Feitler\" \/>\n<meta property=\"article:modified_time\" content=\"2026-03-13T10:59:40+00:00\" \/>\n<meta name=\"twitter:card\" content=\"summary_large_image\" \/>\n<script type=\"application\/ld+json\" class=\"yoast-schema-graph\">{\"@context\":\"https:\\\/\\\/schema.org\",\"@graph\":[{\"@type\":\"WebPage\",\"@id\":\"https:\\\/\\\/agence-feitler.lu\\\/en\\\/property\\\/office-luxembourg-86816364\\\/\",\"url\":\"https:\\\/\\\/agence-feitler.lu\\\/en\\\/property\\\/office-luxembourg-86816364\\\/\",\"name\":\"Office Luxembourg - Agence Feitler\",\"isPartOf\":{\"@id\":\"https:\\\/\\\/agence-feitler.lu\\\/en\\\/#website\"},\"datePublished\":\"2026-03-13T10:59:39+00:00\",\"dateModified\":\"2026-03-13T10:59:40+00:00\",\"breadcrumb\":{\"@id\":\"https:\\\/\\\/agence-feitler.lu\\\/en\\\/property\\\/office-luxembourg-86816364\\\/#breadcrumb\"},\"inLanguage\":\"en-US\",\"potentialAction\":[{\"@type\":\"ReadAction\",\"target\":[\"https:\\\/\\\/agence-feitler.lu\\\/en\\\/property\\\/office-luxembourg-86816364\\\/\"]}]},{\"@type\":\"BreadcrumbList\",\"@id\":\"https:\\\/\\\/agence-feitler.lu\\\/en\\\/property\\\/office-luxembourg-86816364\\\/#breadcrumb\",\"itemListElement\":[{\"@type\":\"ListItem\",\"position\":1,\"name\":\"Start\",\"item\":\"https:\\\/\\\/agence-feitler.lu\\\/en\\\/\"},{\"@type\":\"ListItem\",\"position\":2,\"name\":\"Office Luxembourg\"}]},{\"@type\":\"WebSite\",\"@id\":\"https:\\\/\\\/agence-feitler.lu\\\/en\\\/#website\",\"url\":\"https:\\\/\\\/agence-feitler.lu\\\/en\\\/\",\"name\":\"Agence Feitler\",\"description\":\"\",\"publisher\":{\"@id\":\"https:\\\/\\\/agence-feitler.lu\\\/en\\\/#organization\"},\"potentialAction\":[{\"@type\":\"SearchAction\",\"target\":{\"@type\":\"EntryPoint\",\"urlTemplate\":\"https:\\\/\\\/agence-feitler.lu\\\/en\\\/?s={search_term_string}\"},\"query-input\":{\"@type\":\"PropertyValueSpecification\",\"valueRequired\":true,\"valueName\":\"search_term_string\"}}],\"inLanguage\":\"en-US\"},{\"@type\":\"Organization\",\"@id\":\"https:\\\/\\\/agence-feitler.lu\\\/en\\\/#organization\",\"name\":\"Agence Feitler\",\"url\":\"https:\\\/\\\/agence-feitler.lu\\\/en\\\/\",\"logo\":{\"@type\":\"ImageObject\",\"inLanguage\":\"en-US\",\"@id\":\"https:\\\/\\\/agence-feitler.lu\\\/en\\\/#\\\/schema\\\/logo\\\/image\\\/\",\"url\":\"https:\\\/\\\/agence-feitler.lu\\\/wp-content\\\/uploads\\\/2025\\\/10\\\/mfeitler-fav.png\",\"contentUrl\":\"https:\\\/\\\/agence-feitler.lu\\\/wp-content\\\/uploads\\\/2025\\\/10\\\/mfeitler-fav.png\",\"width\":512,\"height\":512,\"caption\":\"Agence Feitler\"},\"image\":{\"@id\":\"https:\\\/\\\/agence-feitler.lu\\\/en\\\/#\\\/schema\\\/logo\\\/image\\\/\"}}]}<\/script>\n<!-- \/ Yoast SEO plugin. -->","yoast_head_json":{"title":"Office Luxembourg - Agence Feitler","robots":{"index":"index","follow":"follow","max-snippet":"max-snippet:-1","max-image-preview":"max-image-preview:large","max-video-preview":"max-video-preview:-1"},"canonical":"https:\/\/agence-feitler.lu\/en\/property\/office-luxembourg-86816364\/","og_locale":"en_US","og_type":"article","og_title":"Office Luxembourg - Agence Feitler","og_description":"Agr\u00e9able cabinet m\u00e9dical de +\/-80 m2 sis en rez-de-jardin, qui se compose comme suit: salle d&#8217;attente, 3 pi\u00e8ces dont deux en enfilade, hall d&#8217;entr\u00e9e, WC s\u00e9par\u00e9 Sol: Carrelage Disponible \u00e0...","og_url":"https:\/\/agence-feitler.lu\/en\/property\/office-luxembourg-86816364\/","og_site_name":"Agence Feitler","article_modified_time":"2026-03-13T10:59:40+00:00","twitter_card":"summary_large_image","schema":{"@context":"https:\/\/schema.org","@graph":[{"@type":"WebPage","@id":"https:\/\/agence-feitler.lu\/en\/property\/office-luxembourg-86816364\/","url":"https:\/\/agence-feitler.lu\/en\/property\/office-luxembourg-86816364\/","name":"Office Luxembourg - Agence Feitler","isPartOf":{"@id":"https:\/\/agence-feitler.lu\/en\/#website"},"datePublished":"2026-03-13T10:59:39+00:00","dateModified":"2026-03-13T10:59:40+00:00","breadcrumb":{"@id":"https:\/\/agence-feitler.lu\/en\/property\/office-luxembourg-86816364\/#breadcrumb"},"inLanguage":"en-US","potentialAction":[{"@type":"ReadAction","target":["https:\/\/agence-feitler.lu\/en\/property\/office-luxembourg-86816364\/"]}]},{"@type":"BreadcrumbList","@id":"https:\/\/agence-feitler.lu\/en\/property\/office-luxembourg-86816364\/#breadcrumb","itemListElement":[{"@type":"ListItem","position":1,"name":"Start","item":"https:\/\/agence-feitler.lu\/en\/"},{"@type":"ListItem","position":2,"name":"Office Luxembourg"}]},{"@type":"WebSite","@id":"https:\/\/agence-feitler.lu\/en\/#website","url":"https:\/\/agence-feitler.lu\/en\/","name":"Agence Feitler","description":"","publisher":{"@id":"https:\/\/agence-feitler.lu\/en\/#organization"},"potentialAction":[{"@type":"SearchAction","target":{"@type":"EntryPoint","urlTemplate":"https:\/\/agence-feitler.lu\/en\/?s={search_term_string}"},"query-input":{"@type":"PropertyValueSpecification","valueRequired":true,"valueName":"search_term_string"}}],"inLanguage":"en-US"},{"@type":"Organization","@id":"https:\/\/agence-feitler.lu\/en\/#organization","name":"Agence Feitler","url":"https:\/\/agence-feitler.lu\/en\/","logo":{"@type":"ImageObject","inLanguage":"en-US","@id":"https:\/\/agence-feitler.lu\/en\/#\/schema\/logo\/image\/","url":"https:\/\/agence-feitler.lu\/wp-content\/uploads\/2025\/10\/mfeitler-fav.png","contentUrl":"https:\/\/agence-feitler.lu\/wp-content\/uploads\/2025\/10\/mfeitler-fav.png","width":512,"height":512,"caption":"Agence Feitler"},"image":{"@id":"https:\/\/agence-feitler.lu\/en\/#\/schema\/logo\/image\/"}}]}},"_links":{"self":[{"href":"https:\/\/agence-feitler.lu\/en\/wp-json\/wp\/v2\/property\/1875","targetHints":{"allow":["GET"]}}],"collection":[{"href":"https:\/\/agence-feitler.lu\/en\/wp-json\/wp\/v2\/property"}],"about":[{"href":"https:\/\/agence-feitler.lu\/en\/wp-json\/wp\/v2\/types\/property"}],"wp:attachment":[{"href":"https:\/\/agence-feitler.lu\/en\/wp-json\/wp\/v2\/media?parent=1875"}],"curies":[{"name":"wp","href":"https:\/\/api.w.org\/{rel}","templated":true}]}}

<p>Agréable cabinet médical de +/-80 m2 sis en rez-de-jardin, qui se compose comme suit:<br />
salle d&#8217;attente, 3 pièces dont deux en enfilade, hall d&#8217;entrée, WC séparé</p>
<p>Sol: Carrelage<br />
Disponible à convenir</p>
<p>Bureaux se prêtant pour cabinet de psychologie, psychothérapie, psychiatre etc.</p>
<p>Situation calme avec vue dégagée</p>

<p>Agréable cabinet médical de +/-80 m2 sis en rez-de-jardin, qui se compose comme suit: salle d&#8217;attente, 3 pièces dont deux en enfilade, hall d&#8217;entrée, WC séparé Sol: Carrelage Disponible à&#8230;</p>

<!-- This site is optimized with the Yoast SEO plugin v27.3 - https://yoast.com/product/yoast-seo-wordpress/ -->
<title>Office Luxembourg - Agence Feitler</title>
<meta name="robots" content="index, follow, max-snippet:-1, max-image-preview:large, max-video-preview:-1" />
<link rel="canonical" href="https://agence-feitler.lu/en/property/office-luxembourg-86816364/" />
<meta property="og:locale" content="en_US" />
<meta property="og:type" content="article" />
<meta property="og:title" content="Office Luxembourg - Agence Feitler" />
<meta property="og:description" content="Agréable cabinet médical de +/-80 m2 sis en rez-de-jardin, qui se compose comme suit: salle d&#8217;attente, 3 pièces dont deux en enfilade, hall d&#8217;entrée, WC séparé Sol: Carrelage Disponible à..." />
<meta property="og:url" content="https://agence-feitler.lu/en/property/office-luxembourg-86816364/" />
<meta property="og:site_name" content="Agence Feitler" />
<meta property="article:modified_time" content="2026-03-13T10:59:40+00:00" />
<meta name="twitter:card" content="summary_large_image" />
<script type="application/ld+json" class="yoast-schema-graph">{"@context":"https:\/\/schema.org","@graph":[{"@type":"WebPage","@id":"https:\/\/agence-feitler.lu\/en\/property\/office-luxembourg-86816364\/","url":"https:\/\/agence-feitler.lu\/en\/property\/office-luxembourg-86816364\/","name":"Office Luxembourg - Agence Feitler","isPartOf":{"@id":"https:\/\/agence-feitler.lu\/en\/#website"},"datePublished":"2026-03-13T10:59:39+00:00","dateModified":"2026-03-13T10:59:40+00:00","breadcrumb":{"@id":"https:\/\/agence-feitler.lu\/en\/property\/office-luxembourg-86816364\/#breadcrumb"},"inLanguage":"en-US","potentialAction":[{"@type":"ReadAction","target":["https:\/\/agence-feitler.lu\/en\/property\/office-luxembourg-86816364\/"]}]},{"@type":"BreadcrumbList","@id":"https:\/\/agence-feitler.lu\/en\/property\/office-luxembourg-86816364\/#breadcrumb","itemListElement":[{"@type":"ListItem","position":1,"name":"Start","item":"https:\/\/agence-feitler.lu\/en\/"},{"@type":"ListItem","position":2,"name":"Office Luxembourg"}]},{"@type":"WebSite","@id":"https:\/\/agence-feitler.lu\/en\/#website","url":"https:\/\/agence-feitler.lu\/en\/","name":"Agence Feitler","description":"","publisher":{"@id":"https:\/\/agence-feitler.lu\/en\/#organization"},"potentialAction":[{"@type":"SearchAction","target":{"@type":"EntryPoint","urlTemplate":"https:\/\/agence-feitler.lu\/en\/?s={search_term_string}"},"query-input":{"@type":"PropertyValueSpecification","valueRequired":true,"valueName":"search_term_string"}}],"inLanguage":"en-US"},{"@type":"Organization","@id":"https:\/\/agence-feitler.lu\/en\/#organization","name":"Agence Feitler","url":"https:\/\/agence-feitler.lu\/en\/","logo":{"@type":"ImageObject","inLanguage":"en-US","@id":"https:\/\/agence-feitler.lu\/en\/#\/schema\/logo\/image\/","url":"https:\/\/agence-feitler.lu\/wp-content\/uploads\/2025\/10\/mfeitler-fav.png","contentUrl":"https:\/\/agence-feitler.lu\/wp-content\/uploads\/2025\/10\/mfeitler-fav.png","width":512,"height":512,"caption":"Agence Feitler"},"image":{"@id":"https:\/\/agence-feitler.lu\/en\/#\/schema\/logo\/image\/"}}]}</script>
<!-- / Yoast SEO plugin. -->

Agréable cabinet médical de +/-80 m2 sis en rez-de-jardin, qui se compose comme suit: salle d&#8217;attente, 3 pièces dont deux en enfilade, hall d&#8217;entrée, WC séparé Sol: Carrelage Disponible à...
