{"id":1844,"date":"2026-03-03T16:25:05","date_gmt":"2026-03-03T15:25:05","guid":{"rendered":"https:\/\/agence-feitler.lu\/property\/apartment-luxembourg\/"},"modified":"2026-03-04T10:31:52","modified_gmt":"2026-03-04T09:31:52","slug":"apartment-luxembourg-86635290","status":"publish","type":"property","link":"https:\/\/agence-feitler.lu\/en\/property\/apartment-luxembourg-86635290\/","title":{"rendered":"Appartement Luxembourg"},"content":{"rendered":"<p>Appartement enti\u00e8rement r\u00e9nov\u00e9 tr\u00e8s lumineux avec belle vue d\u00e9gag\u00e9e \u00e0 louer sis au 5\u00e8me \u00e9tage de 107 m2.<br \/>\nLe bien est agenc\u00e9 comme suit: living avec cuisine \u00e9quip\u00e9e donnant sur 2 balcons et placard; 3 chambres \u00e0 coucher dont une chambre avec placards et une chambre parentale avec salle de douche et balcon, hall d&#8217;entr\u00e9e avec placard (raccordement lave-linge), WC s\u00e9par\u00e9 avec fen\u00eatre, salle de douche avec fen\u00eatre, cave, emplacement-souterrain<\/p>\n<p>Rev\u00eatement du sol: marbre, parquet et carrelage<br \/>\nTriple vitrage \/ volets \u00e9lectriques<br \/>\nPasseport \u00e9nerg\u00e9tique FG<br \/>\nDisponible de suite<\/p>\n<p>Agr\u00e9able quartier r\u00e9sidentiel \u00e0 10 minutes \u00e0 pied du Centre-Ville, proche de tout commerce, des parcs, bonne connexion bus, acc\u00e8s rapide vers autoroute<\/p>\n","protected":false},"excerpt":{"rendered":"<p>Appartement enti\u00e8rement r\u00e9nov\u00e9 tr\u00e8s lumineux avec belle vue d\u00e9gag\u00e9e \u00e0 louer sis au 5\u00e8me \u00e9tage de 107 m2. Le bien est agenc\u00e9 comme suit: living avec cuisine \u00e9quip\u00e9e donnant sur&#8230;<\/p>\n","protected":false},"featured_media":0,"template":"","meta":{"_acf_changed":false},"class_list":["post-1844","property","type-property","status-publish"],"acf":[],"yoast_head":"<!-- This site is optimized with the Yoast SEO plugin v27.3 - https:\/\/yoast.com\/product\/yoast-seo-wordpress\/ -->\n<title>Appartement Luxembourg - Agence Feitler<\/title>\n<meta name=\"robots\" content=\"index, follow, max-snippet:-1, max-image-preview:large, max-video-preview:-1\" \/>\n<link rel=\"canonical\" href=\"https:\/\/agence-feitler.lu\/en\/property\/apartment-luxembourg-86635290\/\" \/>\n<meta property=\"og:locale\" content=\"en_US\" \/>\n<meta property=\"og:type\" content=\"article\" \/>\n<meta property=\"og:title\" content=\"Appartement Luxembourg - Agence Feitler\" \/>\n<meta property=\"og:description\" content=\"Appartement enti\u00e8rement r\u00e9nov\u00e9 tr\u00e8s lumineux avec belle vue d\u00e9gag\u00e9e \u00e0 louer sis au 5\u00e8me \u00e9tage de 107 m2. Le bien est agenc\u00e9 comme suit: living avec cuisine \u00e9quip\u00e9e donnant sur...\" \/>\n<meta property=\"og:url\" content=\"https:\/\/agence-feitler.lu\/en\/property\/apartment-luxembourg-86635290\/\" \/>\n<meta property=\"og:site_name\" content=\"Agence Feitler\" \/>\n<meta property=\"article:modified_time\" content=\"2026-03-04T09:31:52+00:00\" \/>\n<meta name=\"twitter:card\" content=\"summary_large_image\" \/>\n<meta name=\"twitter:label1\" content=\"Est. reading time\" \/>\n\t<meta name=\"twitter:data1\" content=\"1 minute\" \/>\n<script type=\"application\/ld+json\" class=\"yoast-schema-graph\">{\"@context\":\"https:\\\/\\\/schema.org\",\"@graph\":[{\"@type\":\"WebPage\",\"@id\":\"https:\\\/\\\/agence-feitler.lu\\\/en\\\/property\\\/apartment-luxembourg-86635290\\\/\",\"url\":\"https:\\\/\\\/agence-feitler.lu\\\/en\\\/property\\\/apartment-luxembourg-86635290\\\/\",\"name\":\"Appartement Luxembourg - Agence Feitler\",\"isPartOf\":{\"@id\":\"https:\\\/\\\/agence-feitler.lu\\\/en\\\/#website\"},\"datePublished\":\"2026-03-03T15:25:05+00:00\",\"dateModified\":\"2026-03-04T09:31:52+00:00\",\"breadcrumb\":{\"@id\":\"https:\\\/\\\/agence-feitler.lu\\\/en\\\/property\\\/apartment-luxembourg-86635290\\\/#breadcrumb\"},\"inLanguage\":\"en-US\",\"potentialAction\":[{\"@type\":\"ReadAction\",\"target\":[\"https:\\\/\\\/agence-feitler.lu\\\/en\\\/property\\\/apartment-luxembourg-86635290\\\/\"]}]},{\"@type\":\"BreadcrumbList\",\"@id\":\"https:\\\/\\\/agence-feitler.lu\\\/en\\\/property\\\/apartment-luxembourg-86635290\\\/#breadcrumb\",\"itemListElement\":[{\"@type\":\"ListItem\",\"position\":1,\"name\":\"Start\",\"item\":\"https:\\\/\\\/agence-feitler.lu\\\/en\\\/\"},{\"@type\":\"ListItem\",\"position\":2,\"name\":\"Appartement Luxembourg\"}]},{\"@type\":\"WebSite\",\"@id\":\"https:\\\/\\\/agence-feitler.lu\\\/en\\\/#website\",\"url\":\"https:\\\/\\\/agence-feitler.lu\\\/en\\\/\",\"name\":\"Agence Feitler\",\"description\":\"\",\"publisher\":{\"@id\":\"https:\\\/\\\/agence-feitler.lu\\\/en\\\/#organization\"},\"potentialAction\":[{\"@type\":\"SearchAction\",\"target\":{\"@type\":\"EntryPoint\",\"urlTemplate\":\"https:\\\/\\\/agence-feitler.lu\\\/en\\\/?s={search_term_string}\"},\"query-input\":{\"@type\":\"PropertyValueSpecification\",\"valueRequired\":true,\"valueName\":\"search_term_string\"}}],\"inLanguage\":\"en-US\"},{\"@type\":\"Organization\",\"@id\":\"https:\\\/\\\/agence-feitler.lu\\\/en\\\/#organization\",\"name\":\"Agence Feitler\",\"url\":\"https:\\\/\\\/agence-feitler.lu\\\/en\\\/\",\"logo\":{\"@type\":\"ImageObject\",\"inLanguage\":\"en-US\",\"@id\":\"https:\\\/\\\/agence-feitler.lu\\\/en\\\/#\\\/schema\\\/logo\\\/image\\\/\",\"url\":\"https:\\\/\\\/agence-feitler.lu\\\/wp-content\\\/uploads\\\/2025\\\/10\\\/mfeitler-fav.png\",\"contentUrl\":\"https:\\\/\\\/agence-feitler.lu\\\/wp-content\\\/uploads\\\/2025\\\/10\\\/mfeitler-fav.png\",\"width\":512,\"height\":512,\"caption\":\"Agence Feitler\"},\"image\":{\"@id\":\"https:\\\/\\\/agence-feitler.lu\\\/en\\\/#\\\/schema\\\/logo\\\/image\\\/\"}}]}<\/script>\n<!-- \/ Yoast SEO plugin. -->","yoast_head_json":{"title":"Appartement Luxembourg - Agence Feitler","robots":{"index":"index","follow":"follow","max-snippet":"max-snippet:-1","max-image-preview":"max-image-preview:large","max-video-preview":"max-video-preview:-1"},"canonical":"https:\/\/agence-feitler.lu\/en\/property\/apartment-luxembourg-86635290\/","og_locale":"en_US","og_type":"article","og_title":"Appartement Luxembourg - Agence Feitler","og_description":"Appartement enti\u00e8rement r\u00e9nov\u00e9 tr\u00e8s lumineux avec belle vue d\u00e9gag\u00e9e \u00e0 louer sis au 5\u00e8me \u00e9tage de 107 m2. Le bien est agenc\u00e9 comme suit: living avec cuisine \u00e9quip\u00e9e donnant sur...","og_url":"https:\/\/agence-feitler.lu\/en\/property\/apartment-luxembourg-86635290\/","og_site_name":"Agence Feitler","article_modified_time":"2026-03-04T09:31:52+00:00","twitter_card":"summary_large_image","twitter_misc":{"Est. reading time":"1 minute"},"schema":{"@context":"https:\/\/schema.org","@graph":[{"@type":"WebPage","@id":"https:\/\/agence-feitler.lu\/en\/property\/apartment-luxembourg-86635290\/","url":"https:\/\/agence-feitler.lu\/en\/property\/apartment-luxembourg-86635290\/","name":"Appartement Luxembourg - Agence Feitler","isPartOf":{"@id":"https:\/\/agence-feitler.lu\/en\/#website"},"datePublished":"2026-03-03T15:25:05+00:00","dateModified":"2026-03-04T09:31:52+00:00","breadcrumb":{"@id":"https:\/\/agence-feitler.lu\/en\/property\/apartment-luxembourg-86635290\/#breadcrumb"},"inLanguage":"en-US","potentialAction":[{"@type":"ReadAction","target":["https:\/\/agence-feitler.lu\/en\/property\/apartment-luxembourg-86635290\/"]}]},{"@type":"BreadcrumbList","@id":"https:\/\/agence-feitler.lu\/en\/property\/apartment-luxembourg-86635290\/#breadcrumb","itemListElement":[{"@type":"ListItem","position":1,"name":"Start","item":"https:\/\/agence-feitler.lu\/en\/"},{"@type":"ListItem","position":2,"name":"Appartement Luxembourg"}]},{"@type":"WebSite","@id":"https:\/\/agence-feitler.lu\/en\/#website","url":"https:\/\/agence-feitler.lu\/en\/","name":"Agence Feitler","description":"","publisher":{"@id":"https:\/\/agence-feitler.lu\/en\/#organization"},"potentialAction":[{"@type":"SearchAction","target":{"@type":"EntryPoint","urlTemplate":"https:\/\/agence-feitler.lu\/en\/?s={search_term_string}"},"query-input":{"@type":"PropertyValueSpecification","valueRequired":true,"valueName":"search_term_string"}}],"inLanguage":"en-US"},{"@type":"Organization","@id":"https:\/\/agence-feitler.lu\/en\/#organization","name":"Agence Feitler","url":"https:\/\/agence-feitler.lu\/en\/","logo":{"@type":"ImageObject","inLanguage":"en-US","@id":"https:\/\/agence-feitler.lu\/en\/#\/schema\/logo\/image\/","url":"https:\/\/agence-feitler.lu\/wp-content\/uploads\/2025\/10\/mfeitler-fav.png","contentUrl":"https:\/\/agence-feitler.lu\/wp-content\/uploads\/2025\/10\/mfeitler-fav.png","width":512,"height":512,"caption":"Agence Feitler"},"image":{"@id":"https:\/\/agence-feitler.lu\/en\/#\/schema\/logo\/image\/"}}]}},"_links":{"self":[{"href":"https:\/\/agence-feitler.lu\/en\/wp-json\/wp\/v2\/property\/1844","targetHints":{"allow":["GET"]}}],"collection":[{"href":"https:\/\/agence-feitler.lu\/en\/wp-json\/wp\/v2\/property"}],"about":[{"href":"https:\/\/agence-feitler.lu\/en\/wp-json\/wp\/v2\/types\/property"}],"wp:attachment":[{"href":"https:\/\/agence-feitler.lu\/en\/wp-json\/wp\/v2\/media?parent=1844"}],"curies":[{"name":"wp","href":"https:\/\/api.w.org\/{rel}","templated":true}]}}

<p>Appartement entièrement rénové très lumineux avec belle vue dégagée à louer sis au 5ème étage de 107 m2.<br />
Le bien est agencé comme suit: living avec cuisine équipée donnant sur 2 balcons et placard; 3 chambres à coucher dont une chambre avec placards et une chambre parentale avec salle de douche et balcon, hall d&#8217;entrée avec placard (raccordement lave-linge), WC séparé avec fenêtre, salle de douche avec fenêtre, cave, emplacement-souterrain</p>
<p>Revêtement du sol: marbre, parquet et carrelage<br />
Triple vitrage / volets électriques<br />
Passeport énergétique FG<br />
Disponible de suite</p>
<p>Agréable quartier résidentiel à 10 minutes à pied du Centre-Ville, proche de tout commerce, des parcs, bonne connexion bus, accès rapide vers autoroute</p>

<p>Appartement entièrement rénové très lumineux avec belle vue dégagée à louer sis au 5ème étage de 107 m2. Le bien est agencé comme suit: living avec cuisine équipée donnant sur&#8230;</p>

<!-- This site is optimized with the Yoast SEO plugin v27.3 - https://yoast.com/product/yoast-seo-wordpress/ -->
<title>Appartement Luxembourg - Agence Feitler</title>
<meta name="robots" content="index, follow, max-snippet:-1, max-image-preview:large, max-video-preview:-1" />
<link rel="canonical" href="https://agence-feitler.lu/en/property/apartment-luxembourg-86635290/" />
<meta property="og:locale" content="en_US" />
<meta property="og:type" content="article" />
<meta property="og:title" content="Appartement Luxembourg - Agence Feitler" />
<meta property="og:description" content="Appartement entièrement rénové très lumineux avec belle vue dégagée à louer sis au 5ème étage de 107 m2. Le bien est agencé comme suit: living avec cuisine équipée donnant sur..." />
<meta property="og:url" content="https://agence-feitler.lu/en/property/apartment-luxembourg-86635290/" />
<meta property="og:site_name" content="Agence Feitler" />
<meta property="article:modified_time" content="2026-03-04T09:31:52+00:00" />
<meta name="twitter:card" content="summary_large_image" />
<meta name="twitter:label1" content="Est. reading time" />
	<meta name="twitter:data1" content="1 minute" />
<script type="application/ld+json" class="yoast-schema-graph">{"@context":"https:\/\/schema.org","@graph":[{"@type":"WebPage","@id":"https:\/\/agence-feitler.lu\/en\/property\/apartment-luxembourg-86635290\/","url":"https:\/\/agence-feitler.lu\/en\/property\/apartment-luxembourg-86635290\/","name":"Appartement Luxembourg - Agence Feitler","isPartOf":{"@id":"https:\/\/agence-feitler.lu\/en\/#website"},"datePublished":"2026-03-03T15:25:05+00:00","dateModified":"2026-03-04T09:31:52+00:00","breadcrumb":{"@id":"https:\/\/agence-feitler.lu\/en\/property\/apartment-luxembourg-86635290\/#breadcrumb"},"inLanguage":"en-US","potentialAction":[{"@type":"ReadAction","target":["https:\/\/agence-feitler.lu\/en\/property\/apartment-luxembourg-86635290\/"]}]},{"@type":"BreadcrumbList","@id":"https:\/\/agence-feitler.lu\/en\/property\/apartment-luxembourg-86635290\/#breadcrumb","itemListElement":[{"@type":"ListItem","position":1,"name":"Start","item":"https:\/\/agence-feitler.lu\/en\/"},{"@type":"ListItem","position":2,"name":"Appartement Luxembourg"}]},{"@type":"WebSite","@id":"https:\/\/agence-feitler.lu\/en\/#website","url":"https:\/\/agence-feitler.lu\/en\/","name":"Agence Feitler","description":"","publisher":{"@id":"https:\/\/agence-feitler.lu\/en\/#organization"},"potentialAction":[{"@type":"SearchAction","target":{"@type":"EntryPoint","urlTemplate":"https:\/\/agence-feitler.lu\/en\/?s={search_term_string}"},"query-input":{"@type":"PropertyValueSpecification","valueRequired":true,"valueName":"search_term_string"}}],"inLanguage":"en-US"},{"@type":"Organization","@id":"https:\/\/agence-feitler.lu\/en\/#organization","name":"Agence Feitler","url":"https:\/\/agence-feitler.lu\/en\/","logo":{"@type":"ImageObject","inLanguage":"en-US","@id":"https:\/\/agence-feitler.lu\/en\/#\/schema\/logo\/image\/","url":"https:\/\/agence-feitler.lu\/wp-content\/uploads\/2025\/10\/mfeitler-fav.png","contentUrl":"https:\/\/agence-feitler.lu\/wp-content\/uploads\/2025\/10\/mfeitler-fav.png","width":512,"height":512,"caption":"Agence Feitler"},"image":{"@id":"https:\/\/agence-feitler.lu\/en\/#\/schema\/logo\/image\/"}}]}</script>
<!-- / Yoast SEO plugin. -->

Appartement entièrement rénové très lumineux avec belle vue dégagée à louer sis au 5ème étage de 107 m2. Le bien est agencé comme suit: living avec cuisine équipée donnant sur...
