{"id":1832,"date":"2026-03-03T16:25:03","date_gmt":"2026-03-03T15:25:03","guid":{"rendered":"https:\/\/agence-feitler.lu\/property\/business-luxembourg\/"},"modified":"2026-03-03T16:25:03","modified_gmt":"2026-03-03T15:25:03","slug":"business-luxembourg-86186007","status":"publish","type":"property","link":"https:\/\/agence-feitler.lu\/en\/property\/business-luxembourg-86186007\/","title":{"rendered":"Business Luxembourg"},"content":{"rendered":"<p>Local commercial enti\u00e8rement r\u00e9nov\u00e9 , sis au rez-de-chauss\u00e9e de +\/- 65 m2, se pr\u00eatant pour commerces de quartier, salon de coiffure, boutique, salon d&#8217;esth\u00e9tique, nails studio, cabinet m\u00e9dical etc.<\/p>\n<p>Disponible de suite<\/p>\n<p>Quartier r\u00e9sidentiel avec bonne connexion bus, acc\u00e8s rapide vers autoroute.<\/p>\n","protected":false},"excerpt":{"rendered":"<p>Local commercial enti\u00e8rement r\u00e9nov\u00e9 , sis au rez-de-chauss\u00e9e de +\/- 65 m2, se pr\u00eatant pour commerces de quartier, salon de coiffure, boutique, salon d&#8217;esth\u00e9tique, nails studio, cabinet m\u00e9dical etc. Disponible&#8230;<\/p>\n","protected":false},"featured_media":0,"template":"","meta":{"_acf_changed":false},"class_list":["post-1832","property","type-property","status-publish"],"acf":[],"yoast_head":"<!-- This site is optimized with the Yoast SEO plugin v27.3 - https:\/\/yoast.com\/product\/yoast-seo-wordpress\/ -->\n<title>Business Luxembourg - Agence Feitler<\/title>\n<meta name=\"robots\" content=\"index, follow, max-snippet:-1, max-image-preview:large, max-video-preview:-1\" \/>\n<link rel=\"canonical\" href=\"https:\/\/agence-feitler.lu\/en\/property\/business-luxembourg-86186007\/\" \/>\n<meta property=\"og:locale\" content=\"en_US\" \/>\n<meta property=\"og:type\" content=\"article\" \/>\n<meta property=\"og:title\" content=\"Business Luxembourg - Agence Feitler\" \/>\n<meta property=\"og:description\" content=\"Local commercial enti\u00e8rement r\u00e9nov\u00e9 , sis au rez-de-chauss\u00e9e de +\/- 65 m2, se pr\u00eatant pour commerces de quartier, salon de coiffure, boutique, salon d&#8217;esth\u00e9tique, nails studio, cabinet m\u00e9dical etc. Disponible...\" \/>\n<meta property=\"og:url\" content=\"https:\/\/agence-feitler.lu\/en\/property\/business-luxembourg-86186007\/\" \/>\n<meta property=\"og:site_name\" content=\"Agence Feitler\" \/>\n<meta name=\"twitter:card\" content=\"summary_large_image\" \/>\n<script type=\"application\/ld+json\" class=\"yoast-schema-graph\">{\"@context\":\"https:\\\/\\\/schema.org\",\"@graph\":[{\"@type\":\"WebPage\",\"@id\":\"https:\\\/\\\/agence-feitler.lu\\\/en\\\/property\\\/business-luxembourg-86186007\\\/\",\"url\":\"https:\\\/\\\/agence-feitler.lu\\\/en\\\/property\\\/business-luxembourg-86186007\\\/\",\"name\":\"Business Luxembourg - Agence Feitler\",\"isPartOf\":{\"@id\":\"https:\\\/\\\/agence-feitler.lu\\\/en\\\/#website\"},\"datePublished\":\"2026-03-03T15:25:03+00:00\",\"breadcrumb\":{\"@id\":\"https:\\\/\\\/agence-feitler.lu\\\/en\\\/property\\\/business-luxembourg-86186007\\\/#breadcrumb\"},\"inLanguage\":\"en-US\",\"potentialAction\":[{\"@type\":\"ReadAction\",\"target\":[\"https:\\\/\\\/agence-feitler.lu\\\/en\\\/property\\\/business-luxembourg-86186007\\\/\"]}]},{\"@type\":\"BreadcrumbList\",\"@id\":\"https:\\\/\\\/agence-feitler.lu\\\/en\\\/property\\\/business-luxembourg-86186007\\\/#breadcrumb\",\"itemListElement\":[{\"@type\":\"ListItem\",\"position\":1,\"name\":\"Start\",\"item\":\"https:\\\/\\\/agence-feitler.lu\\\/en\\\/\"},{\"@type\":\"ListItem\",\"position\":2,\"name\":\"Business Luxembourg\"}]},{\"@type\":\"WebSite\",\"@id\":\"https:\\\/\\\/agence-feitler.lu\\\/en\\\/#website\",\"url\":\"https:\\\/\\\/agence-feitler.lu\\\/en\\\/\",\"name\":\"Agence Feitler\",\"description\":\"\",\"publisher\":{\"@id\":\"https:\\\/\\\/agence-feitler.lu\\\/en\\\/#organization\"},\"potentialAction\":[{\"@type\":\"SearchAction\",\"target\":{\"@type\":\"EntryPoint\",\"urlTemplate\":\"https:\\\/\\\/agence-feitler.lu\\\/en\\\/?s={search_term_string}\"},\"query-input\":{\"@type\":\"PropertyValueSpecification\",\"valueRequired\":true,\"valueName\":\"search_term_string\"}}],\"inLanguage\":\"en-US\"},{\"@type\":\"Organization\",\"@id\":\"https:\\\/\\\/agence-feitler.lu\\\/en\\\/#organization\",\"name\":\"Agence Feitler\",\"url\":\"https:\\\/\\\/agence-feitler.lu\\\/en\\\/\",\"logo\":{\"@type\":\"ImageObject\",\"inLanguage\":\"en-US\",\"@id\":\"https:\\\/\\\/agence-feitler.lu\\\/en\\\/#\\\/schema\\\/logo\\\/image\\\/\",\"url\":\"https:\\\/\\\/agence-feitler.lu\\\/wp-content\\\/uploads\\\/2025\\\/10\\\/mfeitler-fav.png\",\"contentUrl\":\"https:\\\/\\\/agence-feitler.lu\\\/wp-content\\\/uploads\\\/2025\\\/10\\\/mfeitler-fav.png\",\"width\":512,\"height\":512,\"caption\":\"Agence Feitler\"},\"image\":{\"@id\":\"https:\\\/\\\/agence-feitler.lu\\\/en\\\/#\\\/schema\\\/logo\\\/image\\\/\"}}]}<\/script>\n<!-- \/ Yoast SEO plugin. -->","yoast_head_json":{"title":"Business Luxembourg - Agence Feitler","robots":{"index":"index","follow":"follow","max-snippet":"max-snippet:-1","max-image-preview":"max-image-preview:large","max-video-preview":"max-video-preview:-1"},"canonical":"https:\/\/agence-feitler.lu\/en\/property\/business-luxembourg-86186007\/","og_locale":"en_US","og_type":"article","og_title":"Business Luxembourg - Agence Feitler","og_description":"Local commercial enti\u00e8rement r\u00e9nov\u00e9 , sis au rez-de-chauss\u00e9e de +\/- 65 m2, se pr\u00eatant pour commerces de quartier, salon de coiffure, boutique, salon d&#8217;esth\u00e9tique, nails studio, cabinet m\u00e9dical etc. Disponible...","og_url":"https:\/\/agence-feitler.lu\/en\/property\/business-luxembourg-86186007\/","og_site_name":"Agence Feitler","twitter_card":"summary_large_image","schema":{"@context":"https:\/\/schema.org","@graph":[{"@type":"WebPage","@id":"https:\/\/agence-feitler.lu\/en\/property\/business-luxembourg-86186007\/","url":"https:\/\/agence-feitler.lu\/en\/property\/business-luxembourg-86186007\/","name":"Business Luxembourg - Agence Feitler","isPartOf":{"@id":"https:\/\/agence-feitler.lu\/en\/#website"},"datePublished":"2026-03-03T15:25:03+00:00","breadcrumb":{"@id":"https:\/\/agence-feitler.lu\/en\/property\/business-luxembourg-86186007\/#breadcrumb"},"inLanguage":"en-US","potentialAction":[{"@type":"ReadAction","target":["https:\/\/agence-feitler.lu\/en\/property\/business-luxembourg-86186007\/"]}]},{"@type":"BreadcrumbList","@id":"https:\/\/agence-feitler.lu\/en\/property\/business-luxembourg-86186007\/#breadcrumb","itemListElement":[{"@type":"ListItem","position":1,"name":"Start","item":"https:\/\/agence-feitler.lu\/en\/"},{"@type":"ListItem","position":2,"name":"Business Luxembourg"}]},{"@type":"WebSite","@id":"https:\/\/agence-feitler.lu\/en\/#website","url":"https:\/\/agence-feitler.lu\/en\/","name":"Agence Feitler","description":"","publisher":{"@id":"https:\/\/agence-feitler.lu\/en\/#organization"},"potentialAction":[{"@type":"SearchAction","target":{"@type":"EntryPoint","urlTemplate":"https:\/\/agence-feitler.lu\/en\/?s={search_term_string}"},"query-input":{"@type":"PropertyValueSpecification","valueRequired":true,"valueName":"search_term_string"}}],"inLanguage":"en-US"},{"@type":"Organization","@id":"https:\/\/agence-feitler.lu\/en\/#organization","name":"Agence Feitler","url":"https:\/\/agence-feitler.lu\/en\/","logo":{"@type":"ImageObject","inLanguage":"en-US","@id":"https:\/\/agence-feitler.lu\/en\/#\/schema\/logo\/image\/","url":"https:\/\/agence-feitler.lu\/wp-content\/uploads\/2025\/10\/mfeitler-fav.png","contentUrl":"https:\/\/agence-feitler.lu\/wp-content\/uploads\/2025\/10\/mfeitler-fav.png","width":512,"height":512,"caption":"Agence Feitler"},"image":{"@id":"https:\/\/agence-feitler.lu\/en\/#\/schema\/logo\/image\/"}}]}},"_links":{"self":[{"href":"https:\/\/agence-feitler.lu\/en\/wp-json\/wp\/v2\/property\/1832","targetHints":{"allow":["GET"]}}],"collection":[{"href":"https:\/\/agence-feitler.lu\/en\/wp-json\/wp\/v2\/property"}],"about":[{"href":"https:\/\/agence-feitler.lu\/en\/wp-json\/wp\/v2\/types\/property"}],"wp:attachment":[{"href":"https:\/\/agence-feitler.lu\/en\/wp-json\/wp\/v2\/media?parent=1832"}],"curies":[{"name":"wp","href":"https:\/\/api.w.org\/{rel}","templated":true}]}}

<p>Local commercial entièrement rénové , sis au rez-de-chaussée de +/- 65 m2, se prêtant pour commerces de quartier, salon de coiffure, boutique, salon d&#8217;esthétique, nails studio, cabinet médical etc.</p>
<p>Disponible de suite</p>
<p>Quartier résidentiel avec bonne connexion bus, accès rapide vers autoroute.</p>

<p>Local commercial entièrement rénové , sis au rez-de-chaussée de +/- 65 m2, se prêtant pour commerces de quartier, salon de coiffure, boutique, salon d&#8217;esthétique, nails studio, cabinet médical etc. Disponible&#8230;</p>

<!-- This site is optimized with the Yoast SEO plugin v27.3 - https://yoast.com/product/yoast-seo-wordpress/ -->
<title>Business Luxembourg - Agence Feitler</title>
<meta name="robots" content="index, follow, max-snippet:-1, max-image-preview:large, max-video-preview:-1" />
<link rel="canonical" href="https://agence-feitler.lu/en/property/business-luxembourg-86186007/" />
<meta property="og:locale" content="en_US" />
<meta property="og:type" content="article" />
<meta property="og:title" content="Business Luxembourg - Agence Feitler" />
<meta property="og:description" content="Local commercial entièrement rénové , sis au rez-de-chaussée de +/- 65 m2, se prêtant pour commerces de quartier, salon de coiffure, boutique, salon d&#8217;esthétique, nails studio, cabinet médical etc. Disponible..." />
<meta property="og:url" content="https://agence-feitler.lu/en/property/business-luxembourg-86186007/" />
<meta property="og:site_name" content="Agence Feitler" />
<meta name="twitter:card" content="summary_large_image" />
<script type="application/ld+json" class="yoast-schema-graph">{"@context":"https:\/\/schema.org","@graph":[{"@type":"WebPage","@id":"https:\/\/agence-feitler.lu\/en\/property\/business-luxembourg-86186007\/","url":"https:\/\/agence-feitler.lu\/en\/property\/business-luxembourg-86186007\/","name":"Business Luxembourg - Agence Feitler","isPartOf":{"@id":"https:\/\/agence-feitler.lu\/en\/#website"},"datePublished":"2026-03-03T15:25:03+00:00","breadcrumb":{"@id":"https:\/\/agence-feitler.lu\/en\/property\/business-luxembourg-86186007\/#breadcrumb"},"inLanguage":"en-US","potentialAction":[{"@type":"ReadAction","target":["https:\/\/agence-feitler.lu\/en\/property\/business-luxembourg-86186007\/"]}]},{"@type":"BreadcrumbList","@id":"https:\/\/agence-feitler.lu\/en\/property\/business-luxembourg-86186007\/#breadcrumb","itemListElement":[{"@type":"ListItem","position":1,"name":"Start","item":"https:\/\/agence-feitler.lu\/en\/"},{"@type":"ListItem","position":2,"name":"Business Luxembourg"}]},{"@type":"WebSite","@id":"https:\/\/agence-feitler.lu\/en\/#website","url":"https:\/\/agence-feitler.lu\/en\/","name":"Agence Feitler","description":"","publisher":{"@id":"https:\/\/agence-feitler.lu\/en\/#organization"},"potentialAction":[{"@type":"SearchAction","target":{"@type":"EntryPoint","urlTemplate":"https:\/\/agence-feitler.lu\/en\/?s={search_term_string}"},"query-input":{"@type":"PropertyValueSpecification","valueRequired":true,"valueName":"search_term_string"}}],"inLanguage":"en-US"},{"@type":"Organization","@id":"https:\/\/agence-feitler.lu\/en\/#organization","name":"Agence Feitler","url":"https:\/\/agence-feitler.lu\/en\/","logo":{"@type":"ImageObject","inLanguage":"en-US","@id":"https:\/\/agence-feitler.lu\/en\/#\/schema\/logo\/image\/","url":"https:\/\/agence-feitler.lu\/wp-content\/uploads\/2025\/10\/mfeitler-fav.png","contentUrl":"https:\/\/agence-feitler.lu\/wp-content\/uploads\/2025\/10\/mfeitler-fav.png","width":512,"height":512,"caption":"Agence Feitler"},"image":{"@id":"https:\/\/agence-feitler.lu\/en\/#\/schema\/logo\/image\/"}}]}</script>
<!-- / Yoast SEO plugin. -->

Local commercial entièrement rénové , sis au rez-de-chaussée de +/- 65 m2, se prêtant pour commerces de quartier, salon de coiffure, boutique, salon d&#8217;esthétique, nails studio, cabinet médical etc. Disponible...
