{"id":1829,"date":"2026-03-03T16:25:00","date_gmt":"2026-03-03T15:25:00","guid":{"rendered":"https:\/\/agence-feitler.lu\/property\/business-luxembourg\/"},"modified":"2026-03-04T13:24:28","modified_gmt":"2026-03-04T12:24:28","slug":"business-luxembourg-86186305","status":"publish","type":"property","link":"https:\/\/agence-feitler.lu\/en\/property\/business-luxembourg-86186305\/","title":{"rendered":"Commerce Luxembourg"},"content":{"rendered":"<p>L\u2019espace commercial comprends 3 niveaux:<br \/>\n&#8211; Rdc : 70m\u00b2 avec WC s\u00e9par\u00e9<br \/>\n&#8211; Etage\/galerie : 17m\u00b2<br \/>\n&#8211; Etage 2 : 17m\u00b2<br \/>\nEspace stockage<br \/>\n&#8211; Etage 3: 17m\u00b2<br \/>\n&#8211; Sous combles : 20m\u00b2 au sol avec velux.<\/p>\n<p>Immeuble enti\u00e8rement r\u00e9nov\u00e9 en 2019<br \/>\nChaque pi\u00e8ce est naturellement \u00e9clair\u00e9e.<\/p>\n<p>Le rev\u00eatement du sol est:<br \/>\n&#8211; RDC: b\u00e9ton cir\u00e9<br \/>\n&#8211; Etages: parquet en ch\u00eane<br \/>\n&#8211; Combles: OSB nature<\/p>\n<p>Disponible de suite<br \/>\nPasseport \u00e9nerg\u00e9tique: D<\/p>\n<p>Tr\u00e8s bonne situation au c\u0153ur du Centre-Ville de Luxembourg<\/p>\n","protected":false},"excerpt":{"rendered":"<p>L\u2019espace commercial comprends 3 niveaux: &#8211; Rdc : 70m\u00b2 avec WC s\u00e9par\u00e9 &#8211; Etage\/galerie : 17m\u00b2 &#8211; Etage 2 : 17m\u00b2 Espace stockage &#8211; Etage 3: 17m\u00b2 &#8211; Sous combles&#8230;<\/p>\n","protected":false},"featured_media":0,"template":"","meta":{"_acf_changed":false},"class_list":["post-1829","property","type-property","status-publish"],"acf":[],"yoast_head":"<!-- This site is optimized with the Yoast SEO plugin v27.3 - https:\/\/yoast.com\/product\/yoast-seo-wordpress\/ -->\n<title>Commerce Luxembourg - Agence Feitler<\/title>\n<meta name=\"robots\" content=\"index, follow, max-snippet:-1, max-image-preview:large, max-video-preview:-1\" \/>\n<link rel=\"canonical\" href=\"https:\/\/agence-feitler.lu\/en\/property\/business-luxembourg-86186305\/\" \/>\n<meta property=\"og:locale\" content=\"en_US\" \/>\n<meta property=\"og:type\" content=\"article\" \/>\n<meta property=\"og:title\" content=\"Commerce Luxembourg - Agence Feitler\" \/>\n<meta property=\"og:description\" content=\"L\u2019espace commercial comprends 3 niveaux: &#8211; Rdc : 70m\u00b2 avec WC s\u00e9par\u00e9 &#8211; Etage\/galerie : 17m\u00b2 &#8211; Etage 2 : 17m\u00b2 Espace stockage &#8211; Etage 3: 17m\u00b2 &#8211; Sous combles...\" \/>\n<meta property=\"og:url\" content=\"https:\/\/agence-feitler.lu\/en\/property\/business-luxembourg-86186305\/\" \/>\n<meta property=\"og:site_name\" content=\"Agence Feitler\" \/>\n<meta property=\"article:modified_time\" content=\"2026-03-04T12:24:28+00:00\" \/>\n<meta name=\"twitter:card\" content=\"summary_large_image\" \/>\n<script type=\"application\/ld+json\" class=\"yoast-schema-graph\">{\"@context\":\"https:\\\/\\\/schema.org\",\"@graph\":[{\"@type\":\"WebPage\",\"@id\":\"https:\\\/\\\/agence-feitler.lu\\\/en\\\/property\\\/business-luxembourg-86186305\\\/\",\"url\":\"https:\\\/\\\/agence-feitler.lu\\\/en\\\/property\\\/business-luxembourg-86186305\\\/\",\"name\":\"Commerce Luxembourg - Agence Feitler\",\"isPartOf\":{\"@id\":\"https:\\\/\\\/agence-feitler.lu\\\/en\\\/#website\"},\"datePublished\":\"2026-03-03T15:25:00+00:00\",\"dateModified\":\"2026-03-04T12:24:28+00:00\",\"breadcrumb\":{\"@id\":\"https:\\\/\\\/agence-feitler.lu\\\/en\\\/property\\\/business-luxembourg-86186305\\\/#breadcrumb\"},\"inLanguage\":\"en-US\",\"potentialAction\":[{\"@type\":\"ReadAction\",\"target\":[\"https:\\\/\\\/agence-feitler.lu\\\/en\\\/property\\\/business-luxembourg-86186305\\\/\"]}]},{\"@type\":\"BreadcrumbList\",\"@id\":\"https:\\\/\\\/agence-feitler.lu\\\/en\\\/property\\\/business-luxembourg-86186305\\\/#breadcrumb\",\"itemListElement\":[{\"@type\":\"ListItem\",\"position\":1,\"name\":\"Start\",\"item\":\"https:\\\/\\\/agence-feitler.lu\\\/en\\\/\"},{\"@type\":\"ListItem\",\"position\":2,\"name\":\"Commerce Luxembourg\"}]},{\"@type\":\"WebSite\",\"@id\":\"https:\\\/\\\/agence-feitler.lu\\\/en\\\/#website\",\"url\":\"https:\\\/\\\/agence-feitler.lu\\\/en\\\/\",\"name\":\"Agence Feitler\",\"description\":\"\",\"publisher\":{\"@id\":\"https:\\\/\\\/agence-feitler.lu\\\/en\\\/#organization\"},\"potentialAction\":[{\"@type\":\"SearchAction\",\"target\":{\"@type\":\"EntryPoint\",\"urlTemplate\":\"https:\\\/\\\/agence-feitler.lu\\\/en\\\/?s={search_term_string}\"},\"query-input\":{\"@type\":\"PropertyValueSpecification\",\"valueRequired\":true,\"valueName\":\"search_term_string\"}}],\"inLanguage\":\"en-US\"},{\"@type\":\"Organization\",\"@id\":\"https:\\\/\\\/agence-feitler.lu\\\/en\\\/#organization\",\"name\":\"Agence Feitler\",\"url\":\"https:\\\/\\\/agence-feitler.lu\\\/en\\\/\",\"logo\":{\"@type\":\"ImageObject\",\"inLanguage\":\"en-US\",\"@id\":\"https:\\\/\\\/agence-feitler.lu\\\/en\\\/#\\\/schema\\\/logo\\\/image\\\/\",\"url\":\"https:\\\/\\\/agence-feitler.lu\\\/wp-content\\\/uploads\\\/2025\\\/10\\\/mfeitler-fav.png\",\"contentUrl\":\"https:\\\/\\\/agence-feitler.lu\\\/wp-content\\\/uploads\\\/2025\\\/10\\\/mfeitler-fav.png\",\"width\":512,\"height\":512,\"caption\":\"Agence Feitler\"},\"image\":{\"@id\":\"https:\\\/\\\/agence-feitler.lu\\\/en\\\/#\\\/schema\\\/logo\\\/image\\\/\"}}]}<\/script>\n<!-- \/ Yoast SEO plugin. -->","yoast_head_json":{"title":"Commerce Luxembourg - Agence Feitler","robots":{"index":"index","follow":"follow","max-snippet":"max-snippet:-1","max-image-preview":"max-image-preview:large","max-video-preview":"max-video-preview:-1"},"canonical":"https:\/\/agence-feitler.lu\/en\/property\/business-luxembourg-86186305\/","og_locale":"en_US","og_type":"article","og_title":"Commerce Luxembourg - Agence Feitler","og_description":"L\u2019espace commercial comprends 3 niveaux: &#8211; Rdc : 70m\u00b2 avec WC s\u00e9par\u00e9 &#8211; Etage\/galerie : 17m\u00b2 &#8211; Etage 2 : 17m\u00b2 Espace stockage &#8211; Etage 3: 17m\u00b2 &#8211; Sous combles...","og_url":"https:\/\/agence-feitler.lu\/en\/property\/business-luxembourg-86186305\/","og_site_name":"Agence Feitler","article_modified_time":"2026-03-04T12:24:28+00:00","twitter_card":"summary_large_image","schema":{"@context":"https:\/\/schema.org","@graph":[{"@type":"WebPage","@id":"https:\/\/agence-feitler.lu\/en\/property\/business-luxembourg-86186305\/","url":"https:\/\/agence-feitler.lu\/en\/property\/business-luxembourg-86186305\/","name":"Commerce Luxembourg - Agence Feitler","isPartOf":{"@id":"https:\/\/agence-feitler.lu\/en\/#website"},"datePublished":"2026-03-03T15:25:00+00:00","dateModified":"2026-03-04T12:24:28+00:00","breadcrumb":{"@id":"https:\/\/agence-feitler.lu\/en\/property\/business-luxembourg-86186305\/#breadcrumb"},"inLanguage":"en-US","potentialAction":[{"@type":"ReadAction","target":["https:\/\/agence-feitler.lu\/en\/property\/business-luxembourg-86186305\/"]}]},{"@type":"BreadcrumbList","@id":"https:\/\/agence-feitler.lu\/en\/property\/business-luxembourg-86186305\/#breadcrumb","itemListElement":[{"@type":"ListItem","position":1,"name":"Start","item":"https:\/\/agence-feitler.lu\/en\/"},{"@type":"ListItem","position":2,"name":"Commerce Luxembourg"}]},{"@type":"WebSite","@id":"https:\/\/agence-feitler.lu\/en\/#website","url":"https:\/\/agence-feitler.lu\/en\/","name":"Agence Feitler","description":"","publisher":{"@id":"https:\/\/agence-feitler.lu\/en\/#organization"},"potentialAction":[{"@type":"SearchAction","target":{"@type":"EntryPoint","urlTemplate":"https:\/\/agence-feitler.lu\/en\/?s={search_term_string}"},"query-input":{"@type":"PropertyValueSpecification","valueRequired":true,"valueName":"search_term_string"}}],"inLanguage":"en-US"},{"@type":"Organization","@id":"https:\/\/agence-feitler.lu\/en\/#organization","name":"Agence Feitler","url":"https:\/\/agence-feitler.lu\/en\/","logo":{"@type":"ImageObject","inLanguage":"en-US","@id":"https:\/\/agence-feitler.lu\/en\/#\/schema\/logo\/image\/","url":"https:\/\/agence-feitler.lu\/wp-content\/uploads\/2025\/10\/mfeitler-fav.png","contentUrl":"https:\/\/agence-feitler.lu\/wp-content\/uploads\/2025\/10\/mfeitler-fav.png","width":512,"height":512,"caption":"Agence Feitler"},"image":{"@id":"https:\/\/agence-feitler.lu\/en\/#\/schema\/logo\/image\/"}}]}},"_links":{"self":[{"href":"https:\/\/agence-feitler.lu\/en\/wp-json\/wp\/v2\/property\/1829","targetHints":{"allow":["GET"]}}],"collection":[{"href":"https:\/\/agence-feitler.lu\/en\/wp-json\/wp\/v2\/property"}],"about":[{"href":"https:\/\/agence-feitler.lu\/en\/wp-json\/wp\/v2\/types\/property"}],"wp:attachment":[{"href":"https:\/\/agence-feitler.lu\/en\/wp-json\/wp\/v2\/media?parent=1829"}],"curies":[{"name":"wp","href":"https:\/\/api.w.org\/{rel}","templated":true}]}}

<p>L’espace commercial comprends 3 niveaux:<br />
&#8211; Rdc : 70m² avec WC séparé<br />
&#8211; Etage/galerie : 17m²<br />
&#8211; Etage 2 : 17m²<br />
Espace stockage<br />
&#8211; Etage 3: 17m²<br />
&#8211; Sous combles : 20m² au sol avec velux.</p>
<p>Immeuble entièrement rénové en 2019<br />
Chaque pièce est naturellement éclairée.</p>
<p>Le revêtement du sol est:<br />
&#8211; RDC: béton ciré<br />
&#8211; Etages: parquet en chêne<br />
&#8211; Combles: OSB nature</p>
<p>Disponible de suite<br />
Passeport énergétique: D</p>
<p>Très bonne situation au cœur du Centre-Ville de Luxembourg</p>

<p>L’espace commercial comprends 3 niveaux: &#8211; Rdc : 70m² avec WC séparé &#8211; Etage/galerie : 17m² &#8211; Etage 2 : 17m² Espace stockage &#8211; Etage 3: 17m² &#8211; Sous combles&#8230;</p>

<!-- This site is optimized with the Yoast SEO plugin v27.3 - https://yoast.com/product/yoast-seo-wordpress/ -->
<title>Commerce Luxembourg - Agence Feitler</title>
<meta name="robots" content="index, follow, max-snippet:-1, max-image-preview:large, max-video-preview:-1" />
<link rel="canonical" href="https://agence-feitler.lu/en/property/business-luxembourg-86186305/" />
<meta property="og:locale" content="en_US" />
<meta property="og:type" content="article" />
<meta property="og:title" content="Commerce Luxembourg - Agence Feitler" />
<meta property="og:description" content="L’espace commercial comprends 3 niveaux: &#8211; Rdc : 70m² avec WC séparé &#8211; Etage/galerie : 17m² &#8211; Etage 2 : 17m² Espace stockage &#8211; Etage 3: 17m² &#8211; Sous combles..." />
<meta property="og:url" content="https://agence-feitler.lu/en/property/business-luxembourg-86186305/" />
<meta property="og:site_name" content="Agence Feitler" />
<meta property="article:modified_time" content="2026-03-04T12:24:28+00:00" />
<meta name="twitter:card" content="summary_large_image" />
<script type="application/ld+json" class="yoast-schema-graph">{"@context":"https:\/\/schema.org","@graph":[{"@type":"WebPage","@id":"https:\/\/agence-feitler.lu\/en\/property\/business-luxembourg-86186305\/","url":"https:\/\/agence-feitler.lu\/en\/property\/business-luxembourg-86186305\/","name":"Commerce Luxembourg - Agence Feitler","isPartOf":{"@id":"https:\/\/agence-feitler.lu\/en\/#website"},"datePublished":"2026-03-03T15:25:00+00:00","dateModified":"2026-03-04T12:24:28+00:00","breadcrumb":{"@id":"https:\/\/agence-feitler.lu\/en\/property\/business-luxembourg-86186305\/#breadcrumb"},"inLanguage":"en-US","potentialAction":[{"@type":"ReadAction","target":["https:\/\/agence-feitler.lu\/en\/property\/business-luxembourg-86186305\/"]}]},{"@type":"BreadcrumbList","@id":"https:\/\/agence-feitler.lu\/en\/property\/business-luxembourg-86186305\/#breadcrumb","itemListElement":[{"@type":"ListItem","position":1,"name":"Start","item":"https:\/\/agence-feitler.lu\/en\/"},{"@type":"ListItem","position":2,"name":"Commerce Luxembourg"}]},{"@type":"WebSite","@id":"https:\/\/agence-feitler.lu\/en\/#website","url":"https:\/\/agence-feitler.lu\/en\/","name":"Agence Feitler","description":"","publisher":{"@id":"https:\/\/agence-feitler.lu\/en\/#organization"},"potentialAction":[{"@type":"SearchAction","target":{"@type":"EntryPoint","urlTemplate":"https:\/\/agence-feitler.lu\/en\/?s={search_term_string}"},"query-input":{"@type":"PropertyValueSpecification","valueRequired":true,"valueName":"search_term_string"}}],"inLanguage":"en-US"},{"@type":"Organization","@id":"https:\/\/agence-feitler.lu\/en\/#organization","name":"Agence Feitler","url":"https:\/\/agence-feitler.lu\/en\/","logo":{"@type":"ImageObject","inLanguage":"en-US","@id":"https:\/\/agence-feitler.lu\/en\/#\/schema\/logo\/image\/","url":"https:\/\/agence-feitler.lu\/wp-content\/uploads\/2025\/10\/mfeitler-fav.png","contentUrl":"https:\/\/agence-feitler.lu\/wp-content\/uploads\/2025\/10\/mfeitler-fav.png","width":512,"height":512,"caption":"Agence Feitler"},"image":{"@id":"https:\/\/agence-feitler.lu\/en\/#\/schema\/logo\/image\/"}}]}</script>
<!-- / Yoast SEO plugin. -->

L’espace commercial comprends 3 niveaux: &#8211; Rdc : 70m² avec WC séparé &#8211; Etage/galerie : 17m² &#8211; Etage 2 : 17m² Espace stockage &#8211; Etage 3: 17m² &#8211; Sous combles...
