{"id":1796,"date":"2026-03-03T16:24:44","date_gmt":"2026-03-03T15:24:44","guid":{"rendered":"https:\/\/agence-feitler.lu\/property\/apartment-luxembourg\/"},"modified":"2026-03-04T10:31:51","modified_gmt":"2026-03-04T09:31:51","slug":"apartment-luxembourg-86636544","status":"publish","type":"property","link":"https:\/\/agence-feitler.lu\/en\/property\/apartment-luxembourg-86636544\/","title":{"rendered":"Appartement Luxembourg"},"content":{"rendered":"<p>Bel Appartement lumineux \u00e0 vendre de +\/-137 m2 sis au 1er \u00e9tage d&#8217;une petite r\u00e9sidence de 4 appartements (un appartement par \u00e9tage).<br \/>\nLe bien se dispose comme suit:<br \/>\nGrand living avec feu ouvert de +\/-55 m2 donnant sur balcon, cuisine \u00e9quip\u00e9e, 3 chambres \u00e0 coucher dont une avec salle de douche et une autre avec balcon, hall d&#8217;entr\u00e9e avec placard, hall de nuit avec placard, salle de bains (baignoire, double lavabo, bidet et fen\u00eatre), 2 WC s\u00e9par\u00e9s, cave, garage ferm\u00e9 et buanderie commune. <\/p>\n<p>Rev\u00eatement du sol: travertin, carrelage et moquette<br \/>\nConstruction : 1969<br \/>\nPasseport \u00e9nerg\u00e9tique: GG<br \/>\nFen\u00eatre double vitrage<br \/>\nNouvel ascenseur<\/p>\n<p>Situation calme et agr\u00e9able, tout \u00e0 c\u00f4t\u00e9 du Parc de Merl, \u00e0 quelques minutes du Centre-Ville, \u00e0 proximit\u00e9 des commerces, bonne connexion bus et acc\u00e8s rapide vers autoroute<\/p>\n","protected":false},"excerpt":{"rendered":"<p>Bel Appartement lumineux \u00e0 vendre de +\/-137 m2 sis au 1er \u00e9tage d&#8217;une petite r\u00e9sidence de 4 appartements (un appartement par \u00e9tage). Le bien se dispose comme suit: Grand living&#8230;<\/p>\n","protected":false},"featured_media":0,"template":"","meta":{"_acf_changed":false},"class_list":["post-1796","property","type-property","status-publish"],"acf":[],"yoast_head":"<!-- This site is optimized with the Yoast SEO plugin v27.3 - https:\/\/yoast.com\/product\/yoast-seo-wordpress\/ -->\n<title>Appartement Luxembourg - Agence Feitler<\/title>\n<meta name=\"robots\" content=\"index, follow, max-snippet:-1, max-image-preview:large, max-video-preview:-1\" \/>\n<link rel=\"canonical\" href=\"https:\/\/agence-feitler.lu\/en\/property\/apartment-luxembourg-86636544\/\" \/>\n<meta property=\"og:locale\" content=\"en_US\" \/>\n<meta property=\"og:type\" content=\"article\" \/>\n<meta property=\"og:title\" content=\"Appartement Luxembourg - Agence Feitler\" \/>\n<meta property=\"og:description\" content=\"Bel Appartement lumineux \u00e0 vendre de +\/-137 m2 sis au 1er \u00e9tage d&#8217;une petite r\u00e9sidence de 4 appartements (un appartement par \u00e9tage). Le bien se dispose comme suit: Grand living...\" \/>\n<meta property=\"og:url\" content=\"https:\/\/agence-feitler.lu\/en\/property\/apartment-luxembourg-86636544\/\" \/>\n<meta property=\"og:site_name\" content=\"Agence Feitler\" \/>\n<meta property=\"article:modified_time\" content=\"2026-03-04T09:31:51+00:00\" \/>\n<meta name=\"twitter:card\" content=\"summary_large_image\" \/>\n<meta name=\"twitter:label1\" content=\"Est. reading time\" \/>\n\t<meta name=\"twitter:data1\" content=\"1 minute\" \/>\n<script type=\"application\/ld+json\" class=\"yoast-schema-graph\">{\"@context\":\"https:\\\/\\\/schema.org\",\"@graph\":[{\"@type\":\"WebPage\",\"@id\":\"https:\\\/\\\/agence-feitler.lu\\\/en\\\/property\\\/apartment-luxembourg-86636544\\\/\",\"url\":\"https:\\\/\\\/agence-feitler.lu\\\/en\\\/property\\\/apartment-luxembourg-86636544\\\/\",\"name\":\"Appartement Luxembourg - Agence Feitler\",\"isPartOf\":{\"@id\":\"https:\\\/\\\/agence-feitler.lu\\\/en\\\/#website\"},\"datePublished\":\"2026-03-03T15:24:44+00:00\",\"dateModified\":\"2026-03-04T09:31:51+00:00\",\"breadcrumb\":{\"@id\":\"https:\\\/\\\/agence-feitler.lu\\\/en\\\/property\\\/apartment-luxembourg-86636544\\\/#breadcrumb\"},\"inLanguage\":\"en-US\",\"potentialAction\":[{\"@type\":\"ReadAction\",\"target\":[\"https:\\\/\\\/agence-feitler.lu\\\/en\\\/property\\\/apartment-luxembourg-86636544\\\/\"]}]},{\"@type\":\"BreadcrumbList\",\"@id\":\"https:\\\/\\\/agence-feitler.lu\\\/en\\\/property\\\/apartment-luxembourg-86636544\\\/#breadcrumb\",\"itemListElement\":[{\"@type\":\"ListItem\",\"position\":1,\"name\":\"Start\",\"item\":\"https:\\\/\\\/agence-feitler.lu\\\/en\\\/\"},{\"@type\":\"ListItem\",\"position\":2,\"name\":\"Appartement Luxembourg\"}]},{\"@type\":\"WebSite\",\"@id\":\"https:\\\/\\\/agence-feitler.lu\\\/en\\\/#website\",\"url\":\"https:\\\/\\\/agence-feitler.lu\\\/en\\\/\",\"name\":\"Agence Feitler\",\"description\":\"\",\"publisher\":{\"@id\":\"https:\\\/\\\/agence-feitler.lu\\\/en\\\/#organization\"},\"potentialAction\":[{\"@type\":\"SearchAction\",\"target\":{\"@type\":\"EntryPoint\",\"urlTemplate\":\"https:\\\/\\\/agence-feitler.lu\\\/en\\\/?s={search_term_string}\"},\"query-input\":{\"@type\":\"PropertyValueSpecification\",\"valueRequired\":true,\"valueName\":\"search_term_string\"}}],\"inLanguage\":\"en-US\"},{\"@type\":\"Organization\",\"@id\":\"https:\\\/\\\/agence-feitler.lu\\\/en\\\/#organization\",\"name\":\"Agence Feitler\",\"url\":\"https:\\\/\\\/agence-feitler.lu\\\/en\\\/\",\"logo\":{\"@type\":\"ImageObject\",\"inLanguage\":\"en-US\",\"@id\":\"https:\\\/\\\/agence-feitler.lu\\\/en\\\/#\\\/schema\\\/logo\\\/image\\\/\",\"url\":\"https:\\\/\\\/agence-feitler.lu\\\/wp-content\\\/uploads\\\/2025\\\/10\\\/mfeitler-fav.png\",\"contentUrl\":\"https:\\\/\\\/agence-feitler.lu\\\/wp-content\\\/uploads\\\/2025\\\/10\\\/mfeitler-fav.png\",\"width\":512,\"height\":512,\"caption\":\"Agence Feitler\"},\"image\":{\"@id\":\"https:\\\/\\\/agence-feitler.lu\\\/en\\\/#\\\/schema\\\/logo\\\/image\\\/\"}}]}<\/script>\n<!-- \/ Yoast SEO plugin. -->","yoast_head_json":{"title":"Appartement Luxembourg - Agence Feitler","robots":{"index":"index","follow":"follow","max-snippet":"max-snippet:-1","max-image-preview":"max-image-preview:large","max-video-preview":"max-video-preview:-1"},"canonical":"https:\/\/agence-feitler.lu\/en\/property\/apartment-luxembourg-86636544\/","og_locale":"en_US","og_type":"article","og_title":"Appartement Luxembourg - Agence Feitler","og_description":"Bel Appartement lumineux \u00e0 vendre de +\/-137 m2 sis au 1er \u00e9tage d&#8217;une petite r\u00e9sidence de 4 appartements (un appartement par \u00e9tage). Le bien se dispose comme suit: Grand living...","og_url":"https:\/\/agence-feitler.lu\/en\/property\/apartment-luxembourg-86636544\/","og_site_name":"Agence Feitler","article_modified_time":"2026-03-04T09:31:51+00:00","twitter_card":"summary_large_image","twitter_misc":{"Est. reading time":"1 minute"},"schema":{"@context":"https:\/\/schema.org","@graph":[{"@type":"WebPage","@id":"https:\/\/agence-feitler.lu\/en\/property\/apartment-luxembourg-86636544\/","url":"https:\/\/agence-feitler.lu\/en\/property\/apartment-luxembourg-86636544\/","name":"Appartement Luxembourg - Agence Feitler","isPartOf":{"@id":"https:\/\/agence-feitler.lu\/en\/#website"},"datePublished":"2026-03-03T15:24:44+00:00","dateModified":"2026-03-04T09:31:51+00:00","breadcrumb":{"@id":"https:\/\/agence-feitler.lu\/en\/property\/apartment-luxembourg-86636544\/#breadcrumb"},"inLanguage":"en-US","potentialAction":[{"@type":"ReadAction","target":["https:\/\/agence-feitler.lu\/en\/property\/apartment-luxembourg-86636544\/"]}]},{"@type":"BreadcrumbList","@id":"https:\/\/agence-feitler.lu\/en\/property\/apartment-luxembourg-86636544\/#breadcrumb","itemListElement":[{"@type":"ListItem","position":1,"name":"Start","item":"https:\/\/agence-feitler.lu\/en\/"},{"@type":"ListItem","position":2,"name":"Appartement Luxembourg"}]},{"@type":"WebSite","@id":"https:\/\/agence-feitler.lu\/en\/#website","url":"https:\/\/agence-feitler.lu\/en\/","name":"Agence Feitler","description":"","publisher":{"@id":"https:\/\/agence-feitler.lu\/en\/#organization"},"potentialAction":[{"@type":"SearchAction","target":{"@type":"EntryPoint","urlTemplate":"https:\/\/agence-feitler.lu\/en\/?s={search_term_string}"},"query-input":{"@type":"PropertyValueSpecification","valueRequired":true,"valueName":"search_term_string"}}],"inLanguage":"en-US"},{"@type":"Organization","@id":"https:\/\/agence-feitler.lu\/en\/#organization","name":"Agence Feitler","url":"https:\/\/agence-feitler.lu\/en\/","logo":{"@type":"ImageObject","inLanguage":"en-US","@id":"https:\/\/agence-feitler.lu\/en\/#\/schema\/logo\/image\/","url":"https:\/\/agence-feitler.lu\/wp-content\/uploads\/2025\/10\/mfeitler-fav.png","contentUrl":"https:\/\/agence-feitler.lu\/wp-content\/uploads\/2025\/10\/mfeitler-fav.png","width":512,"height":512,"caption":"Agence Feitler"},"image":{"@id":"https:\/\/agence-feitler.lu\/en\/#\/schema\/logo\/image\/"}}]}},"_links":{"self":[{"href":"https:\/\/agence-feitler.lu\/en\/wp-json\/wp\/v2\/property\/1796","targetHints":{"allow":["GET"]}}],"collection":[{"href":"https:\/\/agence-feitler.lu\/en\/wp-json\/wp\/v2\/property"}],"about":[{"href":"https:\/\/agence-feitler.lu\/en\/wp-json\/wp\/v2\/types\/property"}],"wp:attachment":[{"href":"https:\/\/agence-feitler.lu\/en\/wp-json\/wp\/v2\/media?parent=1796"}],"curies":[{"name":"wp","href":"https:\/\/api.w.org\/{rel}","templated":true}]}}

<p>Bel Appartement lumineux à vendre de +/-137 m2 sis au 1er étage d&#8217;une petite résidence de 4 appartements (un appartement par étage).<br />
Le bien se dispose comme suit:<br />
Grand living avec feu ouvert de +/-55 m2 donnant sur balcon, cuisine équipée, 3 chambres à coucher dont une avec salle de douche et une autre avec balcon, hall d&#8217;entrée avec placard, hall de nuit avec placard, salle de bains (baignoire, double lavabo, bidet et fenêtre), 2 WC séparés, cave, garage fermé et buanderie commune. </p>
<p>Revêtement du sol: travertin, carrelage et moquette<br />
Construction : 1969<br />
Passeport énergétique: GG<br />
Fenêtre double vitrage<br />
Nouvel ascenseur</p>
<p>Situation calme et agréable, tout à côté du Parc de Merl, à quelques minutes du Centre-Ville, à proximité des commerces, bonne connexion bus et accès rapide vers autoroute</p>

<p>Bel Appartement lumineux à vendre de +/-137 m2 sis au 1er étage d&#8217;une petite résidence de 4 appartements (un appartement par étage). Le bien se dispose comme suit: Grand living&#8230;</p>

<!-- This site is optimized with the Yoast SEO plugin v27.3 - https://yoast.com/product/yoast-seo-wordpress/ -->
<title>Appartement Luxembourg - Agence Feitler</title>
<meta name="robots" content="index, follow, max-snippet:-1, max-image-preview:large, max-video-preview:-1" />
<link rel="canonical" href="https://agence-feitler.lu/en/property/apartment-luxembourg-86636544/" />
<meta property="og:locale" content="en_US" />
<meta property="og:type" content="article" />
<meta property="og:title" content="Appartement Luxembourg - Agence Feitler" />
<meta property="og:description" content="Bel Appartement lumineux à vendre de +/-137 m2 sis au 1er étage d&#8217;une petite résidence de 4 appartements (un appartement par étage). Le bien se dispose comme suit: Grand living..." />
<meta property="og:url" content="https://agence-feitler.lu/en/property/apartment-luxembourg-86636544/" />
<meta property="og:site_name" content="Agence Feitler" />
<meta property="article:modified_time" content="2026-03-04T09:31:51+00:00" />
<meta name="twitter:card" content="summary_large_image" />
<meta name="twitter:label1" content="Est. reading time" />
	<meta name="twitter:data1" content="1 minute" />
<script type="application/ld+json" class="yoast-schema-graph">{"@context":"https:\/\/schema.org","@graph":[{"@type":"WebPage","@id":"https:\/\/agence-feitler.lu\/en\/property\/apartment-luxembourg-86636544\/","url":"https:\/\/agence-feitler.lu\/en\/property\/apartment-luxembourg-86636544\/","name":"Appartement Luxembourg - Agence Feitler","isPartOf":{"@id":"https:\/\/agence-feitler.lu\/en\/#website"},"datePublished":"2026-03-03T15:24:44+00:00","dateModified":"2026-03-04T09:31:51+00:00","breadcrumb":{"@id":"https:\/\/agence-feitler.lu\/en\/property\/apartment-luxembourg-86636544\/#breadcrumb"},"inLanguage":"en-US","potentialAction":[{"@type":"ReadAction","target":["https:\/\/agence-feitler.lu\/en\/property\/apartment-luxembourg-86636544\/"]}]},{"@type":"BreadcrumbList","@id":"https:\/\/agence-feitler.lu\/en\/property\/apartment-luxembourg-86636544\/#breadcrumb","itemListElement":[{"@type":"ListItem","position":1,"name":"Start","item":"https:\/\/agence-feitler.lu\/en\/"},{"@type":"ListItem","position":2,"name":"Appartement Luxembourg"}]},{"@type":"WebSite","@id":"https:\/\/agence-feitler.lu\/en\/#website","url":"https:\/\/agence-feitler.lu\/en\/","name":"Agence Feitler","description":"","publisher":{"@id":"https:\/\/agence-feitler.lu\/en\/#organization"},"potentialAction":[{"@type":"SearchAction","target":{"@type":"EntryPoint","urlTemplate":"https:\/\/agence-feitler.lu\/en\/?s={search_term_string}"},"query-input":{"@type":"PropertyValueSpecification","valueRequired":true,"valueName":"search_term_string"}}],"inLanguage":"en-US"},{"@type":"Organization","@id":"https:\/\/agence-feitler.lu\/en\/#organization","name":"Agence Feitler","url":"https:\/\/agence-feitler.lu\/en\/","logo":{"@type":"ImageObject","inLanguage":"en-US","@id":"https:\/\/agence-feitler.lu\/en\/#\/schema\/logo\/image\/","url":"https:\/\/agence-feitler.lu\/wp-content\/uploads\/2025\/10\/mfeitler-fav.png","contentUrl":"https:\/\/agence-feitler.lu\/wp-content\/uploads\/2025\/10\/mfeitler-fav.png","width":512,"height":512,"caption":"Agence Feitler"},"image":{"@id":"https:\/\/agence-feitler.lu\/en\/#\/schema\/logo\/image\/"}}]}</script>
<!-- / Yoast SEO plugin. -->

Bel Appartement lumineux à vendre de +/-137 m2 sis au 1er étage d&#8217;une petite résidence de 4 appartements (un appartement par étage). Le bien se dispose comme suit: Grand living...
