{"id":1769,"date":"2026-03-03T16:24:31","date_gmt":"2026-03-03T15:24:31","guid":{"rendered":"https:\/\/agence-feitler.lu\/property\/office-luxembourg\/"},"modified":"2026-03-04T11:10:56","modified_gmt":"2026-03-04T10:10:56","slug":"office-luxembourg-86186098","status":"publish","type":"property","link":"https:\/\/agence-feitler.lu\/en\/property\/office-luxembourg-86186098\/","title":{"rendered":"Bureau Luxembourg"},"content":{"rendered":"<p>Local lumineux sis au rez-de-chauss\u00e9e (c\u00f4t\u00e9 droit) de 108 m2 dans une nouvelle construction, comprenant: 5 pi\u00e8ces dont une donnant sur terrasse, 2 WC, hall, cave, 1 emplacement int\u00e9rieur. <\/p>\n<p>Grand local pouvant convenir pour professions lib\u00e9rales (un cabinet m\u00e9dical, cabinet de kin\u00e9sith\u00e9rapie, cabinet dentaire, etc.). <\/p>\n<p>Loyer mensuel du local HTVA: .4.000,-\u20ac<br \/>\nCharges locatives : \u00e0 convenir<br \/>\nDisponible: \u00e0 convenir<\/p>\n<p>Possibilit\u00e9 de louer un deuxi\u00e8me local sis au rez-de-chauss\u00e9e c\u00f4t\u00e9 droit de 111 m2 pour une loyer HTVA 4000,-\u20ac<\/p>\n<p>Passeport Energ\u00e9tique : AA<\/p>\n<p>Situation connexion bus et tram, acc\u00e8s rapide vers autoroute, proche de tout commerce.<\/p>\n","protected":false},"excerpt":{"rendered":"<p>Local lumineux sis au rez-de-chauss\u00e9e (c\u00f4t\u00e9 droit) de 108 m2 dans une nouvelle construction, comprenant: 5 pi\u00e8ces dont une donnant sur terrasse, 2 WC, hall, cave, 1 emplacement int\u00e9rieur. Grand&#8230;<\/p>\n","protected":false},"featured_media":0,"template":"","meta":{"_acf_changed":false},"class_list":["post-1769","property","type-property","status-publish"],"acf":[],"yoast_head":"<!-- This site is optimized with the Yoast SEO plugin v27.3 - https:\/\/yoast.com\/product\/yoast-seo-wordpress\/ -->\n<title>Bureau Luxembourg - Agence Feitler<\/title>\n<meta name=\"robots\" content=\"index, follow, max-snippet:-1, max-image-preview:large, max-video-preview:-1\" \/>\n<link rel=\"canonical\" href=\"https:\/\/agence-feitler.lu\/en\/property\/office-luxembourg-86186098\/\" \/>\n<meta property=\"og:locale\" content=\"en_US\" \/>\n<meta property=\"og:type\" content=\"article\" \/>\n<meta property=\"og:title\" content=\"Bureau Luxembourg - Agence Feitler\" \/>\n<meta property=\"og:description\" content=\"Local lumineux sis au rez-de-chauss\u00e9e (c\u00f4t\u00e9 droit) de 108 m2 dans une nouvelle construction, comprenant: 5 pi\u00e8ces dont une donnant sur terrasse, 2 WC, hall, cave, 1 emplacement int\u00e9rieur. Grand...\" \/>\n<meta property=\"og:url\" content=\"https:\/\/agence-feitler.lu\/en\/property\/office-luxembourg-86186098\/\" \/>\n<meta property=\"og:site_name\" content=\"Agence Feitler\" \/>\n<meta property=\"article:modified_time\" content=\"2026-03-04T10:10:56+00:00\" \/>\n<meta name=\"twitter:card\" content=\"summary_large_image\" \/>\n<script type=\"application\/ld+json\" class=\"yoast-schema-graph\">{\"@context\":\"https:\\\/\\\/schema.org\",\"@graph\":[{\"@type\":\"WebPage\",\"@id\":\"https:\\\/\\\/agence-feitler.lu\\\/en\\\/property\\\/office-luxembourg-86186098\\\/\",\"url\":\"https:\\\/\\\/agence-feitler.lu\\\/en\\\/property\\\/office-luxembourg-86186098\\\/\",\"name\":\"Bureau Luxembourg - Agence Feitler\",\"isPartOf\":{\"@id\":\"https:\\\/\\\/agence-feitler.lu\\\/en\\\/#website\"},\"datePublished\":\"2026-03-03T15:24:31+00:00\",\"dateModified\":\"2026-03-04T10:10:56+00:00\",\"breadcrumb\":{\"@id\":\"https:\\\/\\\/agence-feitler.lu\\\/en\\\/property\\\/office-luxembourg-86186098\\\/#breadcrumb\"},\"inLanguage\":\"en-US\",\"potentialAction\":[{\"@type\":\"ReadAction\",\"target\":[\"https:\\\/\\\/agence-feitler.lu\\\/en\\\/property\\\/office-luxembourg-86186098\\\/\"]}]},{\"@type\":\"BreadcrumbList\",\"@id\":\"https:\\\/\\\/agence-feitler.lu\\\/en\\\/property\\\/office-luxembourg-86186098\\\/#breadcrumb\",\"itemListElement\":[{\"@type\":\"ListItem\",\"position\":1,\"name\":\"Start\",\"item\":\"https:\\\/\\\/agence-feitler.lu\\\/en\\\/\"},{\"@type\":\"ListItem\",\"position\":2,\"name\":\"Bureau Luxembourg\"}]},{\"@type\":\"WebSite\",\"@id\":\"https:\\\/\\\/agence-feitler.lu\\\/en\\\/#website\",\"url\":\"https:\\\/\\\/agence-feitler.lu\\\/en\\\/\",\"name\":\"Agence Feitler\",\"description\":\"\",\"publisher\":{\"@id\":\"https:\\\/\\\/agence-feitler.lu\\\/en\\\/#organization\"},\"potentialAction\":[{\"@type\":\"SearchAction\",\"target\":{\"@type\":\"EntryPoint\",\"urlTemplate\":\"https:\\\/\\\/agence-feitler.lu\\\/en\\\/?s={search_term_string}\"},\"query-input\":{\"@type\":\"PropertyValueSpecification\",\"valueRequired\":true,\"valueName\":\"search_term_string\"}}],\"inLanguage\":\"en-US\"},{\"@type\":\"Organization\",\"@id\":\"https:\\\/\\\/agence-feitler.lu\\\/en\\\/#organization\",\"name\":\"Agence Feitler\",\"url\":\"https:\\\/\\\/agence-feitler.lu\\\/en\\\/\",\"logo\":{\"@type\":\"ImageObject\",\"inLanguage\":\"en-US\",\"@id\":\"https:\\\/\\\/agence-feitler.lu\\\/en\\\/#\\\/schema\\\/logo\\\/image\\\/\",\"url\":\"https:\\\/\\\/agence-feitler.lu\\\/wp-content\\\/uploads\\\/2025\\\/10\\\/mfeitler-fav.png\",\"contentUrl\":\"https:\\\/\\\/agence-feitler.lu\\\/wp-content\\\/uploads\\\/2025\\\/10\\\/mfeitler-fav.png\",\"width\":512,\"height\":512,\"caption\":\"Agence Feitler\"},\"image\":{\"@id\":\"https:\\\/\\\/agence-feitler.lu\\\/en\\\/#\\\/schema\\\/logo\\\/image\\\/\"}}]}<\/script>\n<!-- \/ Yoast SEO plugin. -->","yoast_head_json":{"title":"Bureau Luxembourg - Agence Feitler","robots":{"index":"index","follow":"follow","max-snippet":"max-snippet:-1","max-image-preview":"max-image-preview:large","max-video-preview":"max-video-preview:-1"},"canonical":"https:\/\/agence-feitler.lu\/en\/property\/office-luxembourg-86186098\/","og_locale":"en_US","og_type":"article","og_title":"Bureau Luxembourg - Agence Feitler","og_description":"Local lumineux sis au rez-de-chauss\u00e9e (c\u00f4t\u00e9 droit) de 108 m2 dans une nouvelle construction, comprenant: 5 pi\u00e8ces dont une donnant sur terrasse, 2 WC, hall, cave, 1 emplacement int\u00e9rieur. Grand...","og_url":"https:\/\/agence-feitler.lu\/en\/property\/office-luxembourg-86186098\/","og_site_name":"Agence Feitler","article_modified_time":"2026-03-04T10:10:56+00:00","twitter_card":"summary_large_image","schema":{"@context":"https:\/\/schema.org","@graph":[{"@type":"WebPage","@id":"https:\/\/agence-feitler.lu\/en\/property\/office-luxembourg-86186098\/","url":"https:\/\/agence-feitler.lu\/en\/property\/office-luxembourg-86186098\/","name":"Bureau Luxembourg - Agence Feitler","isPartOf":{"@id":"https:\/\/agence-feitler.lu\/en\/#website"},"datePublished":"2026-03-03T15:24:31+00:00","dateModified":"2026-03-04T10:10:56+00:00","breadcrumb":{"@id":"https:\/\/agence-feitler.lu\/en\/property\/office-luxembourg-86186098\/#breadcrumb"},"inLanguage":"en-US","potentialAction":[{"@type":"ReadAction","target":["https:\/\/agence-feitler.lu\/en\/property\/office-luxembourg-86186098\/"]}]},{"@type":"BreadcrumbList","@id":"https:\/\/agence-feitler.lu\/en\/property\/office-luxembourg-86186098\/#breadcrumb","itemListElement":[{"@type":"ListItem","position":1,"name":"Start","item":"https:\/\/agence-feitler.lu\/en\/"},{"@type":"ListItem","position":2,"name":"Bureau Luxembourg"}]},{"@type":"WebSite","@id":"https:\/\/agence-feitler.lu\/en\/#website","url":"https:\/\/agence-feitler.lu\/en\/","name":"Agence Feitler","description":"","publisher":{"@id":"https:\/\/agence-feitler.lu\/en\/#organization"},"potentialAction":[{"@type":"SearchAction","target":{"@type":"EntryPoint","urlTemplate":"https:\/\/agence-feitler.lu\/en\/?s={search_term_string}"},"query-input":{"@type":"PropertyValueSpecification","valueRequired":true,"valueName":"search_term_string"}}],"inLanguage":"en-US"},{"@type":"Organization","@id":"https:\/\/agence-feitler.lu\/en\/#organization","name":"Agence Feitler","url":"https:\/\/agence-feitler.lu\/en\/","logo":{"@type":"ImageObject","inLanguage":"en-US","@id":"https:\/\/agence-feitler.lu\/en\/#\/schema\/logo\/image\/","url":"https:\/\/agence-feitler.lu\/wp-content\/uploads\/2025\/10\/mfeitler-fav.png","contentUrl":"https:\/\/agence-feitler.lu\/wp-content\/uploads\/2025\/10\/mfeitler-fav.png","width":512,"height":512,"caption":"Agence Feitler"},"image":{"@id":"https:\/\/agence-feitler.lu\/en\/#\/schema\/logo\/image\/"}}]}},"_links":{"self":[{"href":"https:\/\/agence-feitler.lu\/en\/wp-json\/wp\/v2\/property\/1769","targetHints":{"allow":["GET"]}}],"collection":[{"href":"https:\/\/agence-feitler.lu\/en\/wp-json\/wp\/v2\/property"}],"about":[{"href":"https:\/\/agence-feitler.lu\/en\/wp-json\/wp\/v2\/types\/property"}],"wp:attachment":[{"href":"https:\/\/agence-feitler.lu\/en\/wp-json\/wp\/v2\/media?parent=1769"}],"curies":[{"name":"wp","href":"https:\/\/api.w.org\/{rel}","templated":true}]}}

<p>Local lumineux sis au rez-de-chaussée (côté droit) de 108 m2 dans une nouvelle construction, comprenant: 5 pièces dont une donnant sur terrasse, 2 WC, hall, cave, 1 emplacement intérieur. </p>
<p>Grand local pouvant convenir pour professions libérales (un cabinet médical, cabinet de kinésithérapie, cabinet dentaire, etc.). </p>
<p>Loyer mensuel du local HTVA: .4.000,-€<br />
Charges locatives : à convenir<br />
Disponible: à convenir</p>
<p>Possibilité de louer un deuxième local sis au rez-de-chaussée côté droit de 111 m2 pour une loyer HTVA 4000,-€</p>
<p>Passeport Energétique : AA</p>
<p>Situation connexion bus et tram, accès rapide vers autoroute, proche de tout commerce.</p>

<p>Local lumineux sis au rez-de-chaussée (côté droit) de 108 m2 dans une nouvelle construction, comprenant: 5 pièces dont une donnant sur terrasse, 2 WC, hall, cave, 1 emplacement intérieur. Grand&#8230;</p>

<!-- This site is optimized with the Yoast SEO plugin v27.3 - https://yoast.com/product/yoast-seo-wordpress/ -->
<title>Bureau Luxembourg - Agence Feitler</title>
<meta name="robots" content="index, follow, max-snippet:-1, max-image-preview:large, max-video-preview:-1" />
<link rel="canonical" href="https://agence-feitler.lu/en/property/office-luxembourg-86186098/" />
<meta property="og:locale" content="en_US" />
<meta property="og:type" content="article" />
<meta property="og:title" content="Bureau Luxembourg - Agence Feitler" />
<meta property="og:description" content="Local lumineux sis au rez-de-chaussée (côté droit) de 108 m2 dans une nouvelle construction, comprenant: 5 pièces dont une donnant sur terrasse, 2 WC, hall, cave, 1 emplacement intérieur. Grand..." />
<meta property="og:url" content="https://agence-feitler.lu/en/property/office-luxembourg-86186098/" />
<meta property="og:site_name" content="Agence Feitler" />
<meta property="article:modified_time" content="2026-03-04T10:10:56+00:00" />
<meta name="twitter:card" content="summary_large_image" />
<script type="application/ld+json" class="yoast-schema-graph">{"@context":"https:\/\/schema.org","@graph":[{"@type":"WebPage","@id":"https:\/\/agence-feitler.lu\/en\/property\/office-luxembourg-86186098\/","url":"https:\/\/agence-feitler.lu\/en\/property\/office-luxembourg-86186098\/","name":"Bureau Luxembourg - Agence Feitler","isPartOf":{"@id":"https:\/\/agence-feitler.lu\/en\/#website"},"datePublished":"2026-03-03T15:24:31+00:00","dateModified":"2026-03-04T10:10:56+00:00","breadcrumb":{"@id":"https:\/\/agence-feitler.lu\/en\/property\/office-luxembourg-86186098\/#breadcrumb"},"inLanguage":"en-US","potentialAction":[{"@type":"ReadAction","target":["https:\/\/agence-feitler.lu\/en\/property\/office-luxembourg-86186098\/"]}]},{"@type":"BreadcrumbList","@id":"https:\/\/agence-feitler.lu\/en\/property\/office-luxembourg-86186098\/#breadcrumb","itemListElement":[{"@type":"ListItem","position":1,"name":"Start","item":"https:\/\/agence-feitler.lu\/en\/"},{"@type":"ListItem","position":2,"name":"Bureau Luxembourg"}]},{"@type":"WebSite","@id":"https:\/\/agence-feitler.lu\/en\/#website","url":"https:\/\/agence-feitler.lu\/en\/","name":"Agence Feitler","description":"","publisher":{"@id":"https:\/\/agence-feitler.lu\/en\/#organization"},"potentialAction":[{"@type":"SearchAction","target":{"@type":"EntryPoint","urlTemplate":"https:\/\/agence-feitler.lu\/en\/?s={search_term_string}"},"query-input":{"@type":"PropertyValueSpecification","valueRequired":true,"valueName":"search_term_string"}}],"inLanguage":"en-US"},{"@type":"Organization","@id":"https:\/\/agence-feitler.lu\/en\/#organization","name":"Agence Feitler","url":"https:\/\/agence-feitler.lu\/en\/","logo":{"@type":"ImageObject","inLanguage":"en-US","@id":"https:\/\/agence-feitler.lu\/en\/#\/schema\/logo\/image\/","url":"https:\/\/agence-feitler.lu\/wp-content\/uploads\/2025\/10\/mfeitler-fav.png","contentUrl":"https:\/\/agence-feitler.lu\/wp-content\/uploads\/2025\/10\/mfeitler-fav.png","width":512,"height":512,"caption":"Agence Feitler"},"image":{"@id":"https:\/\/agence-feitler.lu\/en\/#\/schema\/logo\/image\/"}}]}</script>
<!-- / Yoast SEO plugin. -->

Local lumineux sis au rez-de-chaussée (côté droit) de 108 m2 dans une nouvelle construction, comprenant: 5 pièces dont une donnant sur terrasse, 2 WC, hall, cave, 1 emplacement intérieur. Grand...
