{"id":1879,"date":"2026-03-13T17:59:56","date_gmt":"2026-03-13T16:59:56","guid":{"rendered":"https:\/\/agence-feitler.lu\/property\/wohnung-luxembourg\/"},"modified":"2026-03-13T17:59:57","modified_gmt":"2026-03-13T16:59:57","slug":"wohnung-luxembourg-86823588","status":"publish","type":"property","link":"https:\/\/agence-feitler.lu\/de\/property\/wohnung-luxembourg-86823588\/","title":{"rendered":"Wohnung Luxembourg"},"content":{"rendered":"<p>Appartement lumineux de +\/- 90 m2 sis au 1er \u00e9tage et se composant comme suit: living, cuisine \u00e9quip\u00e9e donnant sur balcon (orientation sud), 2 chambres \u00e0 coucher donnant sur balcon, salle de douche, hall d&#8217;entr\u00e9e, cave, buanderie commune, emplacement int\u00e9rieur. <\/p>\n<p>Rev\u00eatement du sol: parquet et carrelage.<br \/>\nHauteur sous plafond: 3,06 cm<br \/>\nDisponible: 01.04.2026<\/p>\n<p>Bonne situation tout proche du Centre-Ville, des Parcs de Merl et de la Ville, \u00e0 proximit\u00e9 des commerces de quartier, acc\u00e8s rapide vers autoroute.<\/p>\n","protected":false},"excerpt":{"rendered":"<p>Appartement lumineux de +\/- 90 m2 sis au 1er \u00e9tage et se composant comme suit: living, cuisine \u00e9quip\u00e9e donnant sur balcon (orientation sud), 2 chambres \u00e0 coucher donnant sur balcon,&#8230;<\/p>\n","protected":false},"featured_media":0,"template":"","meta":{"_acf_changed":false},"class_list":["post-1879","property","type-property","status-publish"],"acf":[],"yoast_head":"<!-- This site is optimized with the Yoast SEO plugin v27.3 - https:\/\/yoast.com\/product\/yoast-seo-wordpress\/ -->\n<title>Wohnung Luxembourg - Agence Feitler<\/title>\n<meta name=\"robots\" content=\"index, follow, max-snippet:-1, max-image-preview:large, max-video-preview:-1\" \/>\n<link rel=\"canonical\" href=\"https:\/\/agence-feitler.lu\/de\/property\/wohnung-luxembourg-86823588\/\" \/>\n<meta property=\"og:locale\" content=\"de_DE\" \/>\n<meta property=\"og:type\" content=\"article\" \/>\n<meta property=\"og:title\" content=\"Wohnung Luxembourg - Agence Feitler\" \/>\n<meta property=\"og:description\" content=\"Appartement lumineux de +\/- 90 m2 sis au 1er \u00e9tage et se composant comme suit: living, cuisine \u00e9quip\u00e9e donnant sur balcon (orientation sud), 2 chambres \u00e0 coucher donnant sur balcon,...\" \/>\n<meta property=\"og:url\" content=\"https:\/\/agence-feitler.lu\/de\/property\/wohnung-luxembourg-86823588\/\" \/>\n<meta property=\"og:site_name\" content=\"Agence Feitler\" \/>\n<meta property=\"article:modified_time\" content=\"2026-03-13T16:59:57+00:00\" \/>\n<meta name=\"twitter:card\" content=\"summary_large_image\" \/>\n<script type=\"application\/ld+json\" class=\"yoast-schema-graph\">{\"@context\":\"https:\\\/\\\/schema.org\",\"@graph\":[{\"@type\":\"WebPage\",\"@id\":\"https:\\\/\\\/agence-feitler.lu\\\/de\\\/property\\\/wohnung-luxembourg-86823588\\\/\",\"url\":\"https:\\\/\\\/agence-feitler.lu\\\/de\\\/property\\\/wohnung-luxembourg-86823588\\\/\",\"name\":\"Wohnung Luxembourg - Agence Feitler\",\"isPartOf\":{\"@id\":\"https:\\\/\\\/agence-feitler.lu\\\/de\\\/#website\"},\"datePublished\":\"2026-03-13T16:59:56+00:00\",\"dateModified\":\"2026-03-13T16:59:57+00:00\",\"breadcrumb\":{\"@id\":\"https:\\\/\\\/agence-feitler.lu\\\/de\\\/property\\\/wohnung-luxembourg-86823588\\\/#breadcrumb\"},\"inLanguage\":\"de\",\"potentialAction\":[{\"@type\":\"ReadAction\",\"target\":[\"https:\\\/\\\/agence-feitler.lu\\\/de\\\/property\\\/wohnung-luxembourg-86823588\\\/\"]}]},{\"@type\":\"BreadcrumbList\",\"@id\":\"https:\\\/\\\/agence-feitler.lu\\\/de\\\/property\\\/wohnung-luxembourg-86823588\\\/#breadcrumb\",\"itemListElement\":[{\"@type\":\"ListItem\",\"position\":1,\"name\":\"Start\",\"item\":\"https:\\\/\\\/agence-feitler.lu\\\/de\\\/\"},{\"@type\":\"ListItem\",\"position\":2,\"name\":\"Wohnung Luxembourg\"}]},{\"@type\":\"WebSite\",\"@id\":\"https:\\\/\\\/agence-feitler.lu\\\/de\\\/#website\",\"url\":\"https:\\\/\\\/agence-feitler.lu\\\/de\\\/\",\"name\":\"Agence Feitler\",\"description\":\"\",\"publisher\":{\"@id\":\"https:\\\/\\\/agence-feitler.lu\\\/de\\\/#organization\"},\"potentialAction\":[{\"@type\":\"SearchAction\",\"target\":{\"@type\":\"EntryPoint\",\"urlTemplate\":\"https:\\\/\\\/agence-feitler.lu\\\/de\\\/?s={search_term_string}\"},\"query-input\":{\"@type\":\"PropertyValueSpecification\",\"valueRequired\":true,\"valueName\":\"search_term_string\"}}],\"inLanguage\":\"de\"},{\"@type\":\"Organization\",\"@id\":\"https:\\\/\\\/agence-feitler.lu\\\/de\\\/#organization\",\"name\":\"Agence Feitler\",\"url\":\"https:\\\/\\\/agence-feitler.lu\\\/de\\\/\",\"logo\":{\"@type\":\"ImageObject\",\"inLanguage\":\"de\",\"@id\":\"https:\\\/\\\/agence-feitler.lu\\\/de\\\/#\\\/schema\\\/logo\\\/image\\\/\",\"url\":\"https:\\\/\\\/agence-feitler.lu\\\/wp-content\\\/uploads\\\/2025\\\/10\\\/mfeitler-fav.png\",\"contentUrl\":\"https:\\\/\\\/agence-feitler.lu\\\/wp-content\\\/uploads\\\/2025\\\/10\\\/mfeitler-fav.png\",\"width\":512,\"height\":512,\"caption\":\"Agence Feitler\"},\"image\":{\"@id\":\"https:\\\/\\\/agence-feitler.lu\\\/de\\\/#\\\/schema\\\/logo\\\/image\\\/\"}}]}<\/script>\n<!-- \/ Yoast SEO plugin. -->","yoast_head_json":{"title":"Wohnung Luxembourg - Agence Feitler","robots":{"index":"index","follow":"follow","max-snippet":"max-snippet:-1","max-image-preview":"max-image-preview:large","max-video-preview":"max-video-preview:-1"},"canonical":"https:\/\/agence-feitler.lu\/de\/property\/wohnung-luxembourg-86823588\/","og_locale":"de_DE","og_type":"article","og_title":"Wohnung Luxembourg - Agence Feitler","og_description":"Appartement lumineux de +\/- 90 m2 sis au 1er \u00e9tage et se composant comme suit: living, cuisine \u00e9quip\u00e9e donnant sur balcon (orientation sud), 2 chambres \u00e0 coucher donnant sur balcon,...","og_url":"https:\/\/agence-feitler.lu\/de\/property\/wohnung-luxembourg-86823588\/","og_site_name":"Agence Feitler","article_modified_time":"2026-03-13T16:59:57+00:00","twitter_card":"summary_large_image","schema":{"@context":"https:\/\/schema.org","@graph":[{"@type":"WebPage","@id":"https:\/\/agence-feitler.lu\/de\/property\/wohnung-luxembourg-86823588\/","url":"https:\/\/agence-feitler.lu\/de\/property\/wohnung-luxembourg-86823588\/","name":"Wohnung Luxembourg - Agence Feitler","isPartOf":{"@id":"https:\/\/agence-feitler.lu\/de\/#website"},"datePublished":"2026-03-13T16:59:56+00:00","dateModified":"2026-03-13T16:59:57+00:00","breadcrumb":{"@id":"https:\/\/agence-feitler.lu\/de\/property\/wohnung-luxembourg-86823588\/#breadcrumb"},"inLanguage":"de","potentialAction":[{"@type":"ReadAction","target":["https:\/\/agence-feitler.lu\/de\/property\/wohnung-luxembourg-86823588\/"]}]},{"@type":"BreadcrumbList","@id":"https:\/\/agence-feitler.lu\/de\/property\/wohnung-luxembourg-86823588\/#breadcrumb","itemListElement":[{"@type":"ListItem","position":1,"name":"Start","item":"https:\/\/agence-feitler.lu\/de\/"},{"@type":"ListItem","position":2,"name":"Wohnung Luxembourg"}]},{"@type":"WebSite","@id":"https:\/\/agence-feitler.lu\/de\/#website","url":"https:\/\/agence-feitler.lu\/de\/","name":"Agence Feitler","description":"","publisher":{"@id":"https:\/\/agence-feitler.lu\/de\/#organization"},"potentialAction":[{"@type":"SearchAction","target":{"@type":"EntryPoint","urlTemplate":"https:\/\/agence-feitler.lu\/de\/?s={search_term_string}"},"query-input":{"@type":"PropertyValueSpecification","valueRequired":true,"valueName":"search_term_string"}}],"inLanguage":"de"},{"@type":"Organization","@id":"https:\/\/agence-feitler.lu\/de\/#organization","name":"Agence Feitler","url":"https:\/\/agence-feitler.lu\/de\/","logo":{"@type":"ImageObject","inLanguage":"de","@id":"https:\/\/agence-feitler.lu\/de\/#\/schema\/logo\/image\/","url":"https:\/\/agence-feitler.lu\/wp-content\/uploads\/2025\/10\/mfeitler-fav.png","contentUrl":"https:\/\/agence-feitler.lu\/wp-content\/uploads\/2025\/10\/mfeitler-fav.png","width":512,"height":512,"caption":"Agence Feitler"},"image":{"@id":"https:\/\/agence-feitler.lu\/de\/#\/schema\/logo\/image\/"}}]}},"_links":{"self":[{"href":"https:\/\/agence-feitler.lu\/de\/wp-json\/wp\/v2\/property\/1879","targetHints":{"allow":["GET"]}}],"collection":[{"href":"https:\/\/agence-feitler.lu\/de\/wp-json\/wp\/v2\/property"}],"about":[{"href":"https:\/\/agence-feitler.lu\/de\/wp-json\/wp\/v2\/types\/property"}],"wp:attachment":[{"href":"https:\/\/agence-feitler.lu\/de\/wp-json\/wp\/v2\/media?parent=1879"}],"curies":[{"name":"wp","href":"https:\/\/api.w.org\/{rel}","templated":true}]}}

<p>Appartement lumineux de +/- 90 m2 sis au 1er étage et se composant comme suit: living, cuisine équipée donnant sur balcon (orientation sud), 2 chambres à coucher donnant sur balcon, salle de douche, hall d&#8217;entrée, cave, buanderie commune, emplacement intérieur. </p>
<p>Revêtement du sol: parquet et carrelage.<br />
Hauteur sous plafond: 3,06 cm<br />
Disponible: 01.04.2026</p>
<p>Bonne situation tout proche du Centre-Ville, des Parcs de Merl et de la Ville, à proximité des commerces de quartier, accès rapide vers autoroute.</p>

<p>Appartement lumineux de +/- 90 m2 sis au 1er étage et se composant comme suit: living, cuisine équipée donnant sur balcon (orientation sud), 2 chambres à coucher donnant sur balcon,&#8230;</p>

<!-- This site is optimized with the Yoast SEO plugin v27.3 - https://yoast.com/product/yoast-seo-wordpress/ -->
<title>Wohnung Luxembourg - Agence Feitler</title>
<meta name="robots" content="index, follow, max-snippet:-1, max-image-preview:large, max-video-preview:-1" />
<link rel="canonical" href="https://agence-feitler.lu/de/property/wohnung-luxembourg-86823588/" />
<meta property="og:locale" content="de_DE" />
<meta property="og:type" content="article" />
<meta property="og:title" content="Wohnung Luxembourg - Agence Feitler" />
<meta property="og:description" content="Appartement lumineux de +/- 90 m2 sis au 1er étage et se composant comme suit: living, cuisine équipée donnant sur balcon (orientation sud), 2 chambres à coucher donnant sur balcon,..." />
<meta property="og:url" content="https://agence-feitler.lu/de/property/wohnung-luxembourg-86823588/" />
<meta property="og:site_name" content="Agence Feitler" />
<meta property="article:modified_time" content="2026-03-13T16:59:57+00:00" />
<meta name="twitter:card" content="summary_large_image" />
<script type="application/ld+json" class="yoast-schema-graph">{"@context":"https:\/\/schema.org","@graph":[{"@type":"WebPage","@id":"https:\/\/agence-feitler.lu\/de\/property\/wohnung-luxembourg-86823588\/","url":"https:\/\/agence-feitler.lu\/de\/property\/wohnung-luxembourg-86823588\/","name":"Wohnung Luxembourg - Agence Feitler","isPartOf":{"@id":"https:\/\/agence-feitler.lu\/de\/#website"},"datePublished":"2026-03-13T16:59:56+00:00","dateModified":"2026-03-13T16:59:57+00:00","breadcrumb":{"@id":"https:\/\/agence-feitler.lu\/de\/property\/wohnung-luxembourg-86823588\/#breadcrumb"},"inLanguage":"de","potentialAction":[{"@type":"ReadAction","target":["https:\/\/agence-feitler.lu\/de\/property\/wohnung-luxembourg-86823588\/"]}]},{"@type":"BreadcrumbList","@id":"https:\/\/agence-feitler.lu\/de\/property\/wohnung-luxembourg-86823588\/#breadcrumb","itemListElement":[{"@type":"ListItem","position":1,"name":"Start","item":"https:\/\/agence-feitler.lu\/de\/"},{"@type":"ListItem","position":2,"name":"Wohnung Luxembourg"}]},{"@type":"WebSite","@id":"https:\/\/agence-feitler.lu\/de\/#website","url":"https:\/\/agence-feitler.lu\/de\/","name":"Agence Feitler","description":"","publisher":{"@id":"https:\/\/agence-feitler.lu\/de\/#organization"},"potentialAction":[{"@type":"SearchAction","target":{"@type":"EntryPoint","urlTemplate":"https:\/\/agence-feitler.lu\/de\/?s={search_term_string}"},"query-input":{"@type":"PropertyValueSpecification","valueRequired":true,"valueName":"search_term_string"}}],"inLanguage":"de"},{"@type":"Organization","@id":"https:\/\/agence-feitler.lu\/de\/#organization","name":"Agence Feitler","url":"https:\/\/agence-feitler.lu\/de\/","logo":{"@type":"ImageObject","inLanguage":"de","@id":"https:\/\/agence-feitler.lu\/de\/#\/schema\/logo\/image\/","url":"https:\/\/agence-feitler.lu\/wp-content\/uploads\/2025\/10\/mfeitler-fav.png","contentUrl":"https:\/\/agence-feitler.lu\/wp-content\/uploads\/2025\/10\/mfeitler-fav.png","width":512,"height":512,"caption":"Agence Feitler"},"image":{"@id":"https:\/\/agence-feitler.lu\/de\/#\/schema\/logo\/image\/"}}]}</script>
<!-- / Yoast SEO plugin. -->

Appartement lumineux de +/- 90 m2 sis au 1er étage et se composant comme suit: living, cuisine équipée donnant sur balcon (orientation sud), 2 chambres à coucher donnant sur balcon,...
