{"id":1839,"date":"2026-03-03T16:25:04","date_gmt":"2026-03-03T15:25:04","guid":{"rendered":"https:\/\/agence-feitler.lu\/property\/wohnung-bridel\/"},"modified":"2026-03-04T14:24:16","modified_gmt":"2026-03-04T13:24:16","slug":"wohnung-bridel-86186381","status":"publish","type":"property","link":"https:\/\/agence-feitler.lu\/de\/property\/wohnung-bridel-86186381\/","title":{"rendered":"Appartement Bridel"},"content":{"rendered":"<p>Appartement de haut standing lumineux avec jardin privatif sis au rez-de-chauss\u00e9e sur\u00e9lev\u00e9 d\u2019une \u00e9l\u00e9gante maison isol\u00e9e dans une rue calme du village de Bridel.<\/p>\n<p>A proximit\u00e9 imm\u00e9diate des commerces, \u00e9coles, salles de sport et arr\u00eats de bus.<\/p>\n<p>Enti\u00e8rement r\u00e9nov\u00e9 en 2020 avec des mat\u00e9riaux d\u2019exception, il est compos\u00e9 d\u2019une surface habitable de +\/- 85 m2 et de 2 terrasses (11 m2 et 6 m2) ainsi que d\u2019un jardin privatif.<\/p>\n<p>Offrant :<br \/>\n&#8211; Un hall d\u2019entr\u00e9e desservant un salon et salle \u00e0 manger en enfilade,<br \/>\n&#8211; Un WC d&#8217;invit\u00e9<br \/>\n&#8211; Une cuisine \u00e9quip\u00e9e d\u2019\u00e9lectrom\u00e9nagers de marque Siemens (four, plaque de cuisson, hotte, r\u00e9frig\u00e9rateur-cong\u00e9lateur, micro-onde, lave-linge avec s\u00e9choir int\u00e9gr\u00e9)<br \/>\n&#8211; Un hall de nuit<br \/>\n&#8211; Deux grandes chambres<br \/>\n&#8211; Une salle de douche avec meuble vasque, WC et s\u00e8che-serviette et fen\u00eatre.<\/p>\n<p>En sous-sol :<br \/>\n&#8211; Grand garage privatif \u00e9quip\u00e9 d\u2019un point d\u2019eau et d\u2019une porte sectionnelle avec commande \u00e0 distance<br \/>\n&#8211; Une cave <\/p>\n<p>L\u2019appartement est \u00e9quip\u00e9 d\u2019un syst\u00e8me anti-intrusion G4S (cam\u00e9ras \u00e0 distance), de volets \u00e9lectriques et de rideaux en lin aux fen\u00eatres.<br \/>\nPasseport \u00e9nerg\u00e9tique : FH<br \/>\nDisponible:15.05.2026<\/p>\n","protected":false},"excerpt":{"rendered":"<p>Appartement de haut standing lumineux avec jardin privatif sis au rez-de-chauss\u00e9e sur\u00e9lev\u00e9 d\u2019une \u00e9l\u00e9gante maison isol\u00e9e dans une rue calme du village de Bridel. A proximit\u00e9 imm\u00e9diate des commerces, \u00e9coles,&#8230;<\/p>\n","protected":false},"featured_media":0,"template":"","meta":{"_acf_changed":false},"class_list":["post-1839","property","type-property","status-publish"],"acf":[],"yoast_head":"<!-- This site is optimized with the Yoast SEO plugin v27.3 - https:\/\/yoast.com\/product\/yoast-seo-wordpress\/ -->\n<title>Appartement Bridel - Agence Feitler<\/title>\n<meta name=\"robots\" content=\"index, follow, max-snippet:-1, max-image-preview:large, max-video-preview:-1\" \/>\n<link rel=\"canonical\" href=\"https:\/\/agence-feitler.lu\/de\/property\/wohnung-bridel-86186381\/\" \/>\n<meta property=\"og:locale\" content=\"de_DE\" \/>\n<meta property=\"og:type\" content=\"article\" \/>\n<meta property=\"og:title\" content=\"Appartement Bridel - Agence Feitler\" \/>\n<meta property=\"og:description\" content=\"Appartement de haut standing lumineux avec jardin privatif sis au rez-de-chauss\u00e9e sur\u00e9lev\u00e9 d\u2019une \u00e9l\u00e9gante maison isol\u00e9e dans une rue calme du village de Bridel. A proximit\u00e9 imm\u00e9diate des commerces, \u00e9coles,...\" \/>\n<meta property=\"og:url\" content=\"https:\/\/agence-feitler.lu\/de\/property\/wohnung-bridel-86186381\/\" \/>\n<meta property=\"og:site_name\" content=\"Agence Feitler\" \/>\n<meta property=\"article:modified_time\" content=\"2026-03-04T13:24:16+00:00\" \/>\n<meta name=\"twitter:card\" content=\"summary_large_image\" \/>\n<meta name=\"twitter:label1\" content=\"Gesch\u00e4tzte Lesezeit\" \/>\n\t<meta name=\"twitter:data1\" content=\"1\u00a0Minute\" \/>\n<script type=\"application\/ld+json\" class=\"yoast-schema-graph\">{\"@context\":\"https:\\\/\\\/schema.org\",\"@graph\":[{\"@type\":\"WebPage\",\"@id\":\"https:\\\/\\\/agence-feitler.lu\\\/de\\\/property\\\/wohnung-bridel-86186381\\\/\",\"url\":\"https:\\\/\\\/agence-feitler.lu\\\/de\\\/property\\\/wohnung-bridel-86186381\\\/\",\"name\":\"Appartement Bridel - Agence Feitler\",\"isPartOf\":{\"@id\":\"https:\\\/\\\/agence-feitler.lu\\\/de\\\/#website\"},\"datePublished\":\"2026-03-03T15:25:04+00:00\",\"dateModified\":\"2026-03-04T13:24:16+00:00\",\"breadcrumb\":{\"@id\":\"https:\\\/\\\/agence-feitler.lu\\\/de\\\/property\\\/wohnung-bridel-86186381\\\/#breadcrumb\"},\"inLanguage\":\"de\",\"potentialAction\":[{\"@type\":\"ReadAction\",\"target\":[\"https:\\\/\\\/agence-feitler.lu\\\/de\\\/property\\\/wohnung-bridel-86186381\\\/\"]}]},{\"@type\":\"BreadcrumbList\",\"@id\":\"https:\\\/\\\/agence-feitler.lu\\\/de\\\/property\\\/wohnung-bridel-86186381\\\/#breadcrumb\",\"itemListElement\":[{\"@type\":\"ListItem\",\"position\":1,\"name\":\"Start\",\"item\":\"https:\\\/\\\/agence-feitler.lu\\\/de\\\/\"},{\"@type\":\"ListItem\",\"position\":2,\"name\":\"Appartement Bridel\"}]},{\"@type\":\"WebSite\",\"@id\":\"https:\\\/\\\/agence-feitler.lu\\\/de\\\/#website\",\"url\":\"https:\\\/\\\/agence-feitler.lu\\\/de\\\/\",\"name\":\"Agence Feitler\",\"description\":\"\",\"publisher\":{\"@id\":\"https:\\\/\\\/agence-feitler.lu\\\/de\\\/#organization\"},\"potentialAction\":[{\"@type\":\"SearchAction\",\"target\":{\"@type\":\"EntryPoint\",\"urlTemplate\":\"https:\\\/\\\/agence-feitler.lu\\\/de\\\/?s={search_term_string}\"},\"query-input\":{\"@type\":\"PropertyValueSpecification\",\"valueRequired\":true,\"valueName\":\"search_term_string\"}}],\"inLanguage\":\"de\"},{\"@type\":\"Organization\",\"@id\":\"https:\\\/\\\/agence-feitler.lu\\\/de\\\/#organization\",\"name\":\"Agence Feitler\",\"url\":\"https:\\\/\\\/agence-feitler.lu\\\/de\\\/\",\"logo\":{\"@type\":\"ImageObject\",\"inLanguage\":\"de\",\"@id\":\"https:\\\/\\\/agence-feitler.lu\\\/de\\\/#\\\/schema\\\/logo\\\/image\\\/\",\"url\":\"https:\\\/\\\/agence-feitler.lu\\\/wp-content\\\/uploads\\\/2025\\\/10\\\/mfeitler-fav.png\",\"contentUrl\":\"https:\\\/\\\/agence-feitler.lu\\\/wp-content\\\/uploads\\\/2025\\\/10\\\/mfeitler-fav.png\",\"width\":512,\"height\":512,\"caption\":\"Agence Feitler\"},\"image\":{\"@id\":\"https:\\\/\\\/agence-feitler.lu\\\/de\\\/#\\\/schema\\\/logo\\\/image\\\/\"}}]}<\/script>\n<!-- \/ Yoast SEO plugin. -->","yoast_head_json":{"title":"Appartement Bridel - Agence Feitler","robots":{"index":"index","follow":"follow","max-snippet":"max-snippet:-1","max-image-preview":"max-image-preview:large","max-video-preview":"max-video-preview:-1"},"canonical":"https:\/\/agence-feitler.lu\/de\/property\/wohnung-bridel-86186381\/","og_locale":"de_DE","og_type":"article","og_title":"Appartement Bridel - Agence Feitler","og_description":"Appartement de haut standing lumineux avec jardin privatif sis au rez-de-chauss\u00e9e sur\u00e9lev\u00e9 d\u2019une \u00e9l\u00e9gante maison isol\u00e9e dans une rue calme du village de Bridel. A proximit\u00e9 imm\u00e9diate des commerces, \u00e9coles,...","og_url":"https:\/\/agence-feitler.lu\/de\/property\/wohnung-bridel-86186381\/","og_site_name":"Agence Feitler","article_modified_time":"2026-03-04T13:24:16+00:00","twitter_card":"summary_large_image","twitter_misc":{"Gesch\u00e4tzte Lesezeit":"1\u00a0Minute"},"schema":{"@context":"https:\/\/schema.org","@graph":[{"@type":"WebPage","@id":"https:\/\/agence-feitler.lu\/de\/property\/wohnung-bridel-86186381\/","url":"https:\/\/agence-feitler.lu\/de\/property\/wohnung-bridel-86186381\/","name":"Appartement Bridel - Agence Feitler","isPartOf":{"@id":"https:\/\/agence-feitler.lu\/de\/#website"},"datePublished":"2026-03-03T15:25:04+00:00","dateModified":"2026-03-04T13:24:16+00:00","breadcrumb":{"@id":"https:\/\/agence-feitler.lu\/de\/property\/wohnung-bridel-86186381\/#breadcrumb"},"inLanguage":"de","potentialAction":[{"@type":"ReadAction","target":["https:\/\/agence-feitler.lu\/de\/property\/wohnung-bridel-86186381\/"]}]},{"@type":"BreadcrumbList","@id":"https:\/\/agence-feitler.lu\/de\/property\/wohnung-bridel-86186381\/#breadcrumb","itemListElement":[{"@type":"ListItem","position":1,"name":"Start","item":"https:\/\/agence-feitler.lu\/de\/"},{"@type":"ListItem","position":2,"name":"Appartement Bridel"}]},{"@type":"WebSite","@id":"https:\/\/agence-feitler.lu\/de\/#website","url":"https:\/\/agence-feitler.lu\/de\/","name":"Agence Feitler","description":"","publisher":{"@id":"https:\/\/agence-feitler.lu\/de\/#organization"},"potentialAction":[{"@type":"SearchAction","target":{"@type":"EntryPoint","urlTemplate":"https:\/\/agence-feitler.lu\/de\/?s={search_term_string}"},"query-input":{"@type":"PropertyValueSpecification","valueRequired":true,"valueName":"search_term_string"}}],"inLanguage":"de"},{"@type":"Organization","@id":"https:\/\/agence-feitler.lu\/de\/#organization","name":"Agence Feitler","url":"https:\/\/agence-feitler.lu\/de\/","logo":{"@type":"ImageObject","inLanguage":"de","@id":"https:\/\/agence-feitler.lu\/de\/#\/schema\/logo\/image\/","url":"https:\/\/agence-feitler.lu\/wp-content\/uploads\/2025\/10\/mfeitler-fav.png","contentUrl":"https:\/\/agence-feitler.lu\/wp-content\/uploads\/2025\/10\/mfeitler-fav.png","width":512,"height":512,"caption":"Agence Feitler"},"image":{"@id":"https:\/\/agence-feitler.lu\/de\/#\/schema\/logo\/image\/"}}]}},"_links":{"self":[{"href":"https:\/\/agence-feitler.lu\/de\/wp-json\/wp\/v2\/property\/1839","targetHints":{"allow":["GET"]}}],"collection":[{"href":"https:\/\/agence-feitler.lu\/de\/wp-json\/wp\/v2\/property"}],"about":[{"href":"https:\/\/agence-feitler.lu\/de\/wp-json\/wp\/v2\/types\/property"}],"wp:attachment":[{"href":"https:\/\/agence-feitler.lu\/de\/wp-json\/wp\/v2\/media?parent=1839"}],"curies":[{"name":"wp","href":"https:\/\/api.w.org\/{rel}","templated":true}]}}

<p>Appartement de haut standing lumineux avec jardin privatif sis au rez-de-chaussée surélevé d’une élégante maison isolée dans une rue calme du village de Bridel.</p>
<p>A proximité immédiate des commerces, écoles, salles de sport et arrêts de bus.</p>
<p>Entièrement rénové en 2020 avec des matériaux d’exception, il est composé d’une surface habitable de +/- 85 m2 et de 2 terrasses (11 m2 et 6 m2) ainsi que d’un jardin privatif.</p>
<p>Offrant :<br />
&#8211; Un hall d’entrée desservant un salon et salle à manger en enfilade,<br />
&#8211; Un WC d&#8217;invité<br />
&#8211; Une cuisine équipée d’électroménagers de marque Siemens (four, plaque de cuisson, hotte, réfrigérateur-congélateur, micro-onde, lave-linge avec séchoir intégré)<br />
&#8211; Un hall de nuit<br />
&#8211; Deux grandes chambres<br />
&#8211; Une salle de douche avec meuble vasque, WC et sèche-serviette et fenêtre.</p>
<p>En sous-sol :<br />
&#8211; Grand garage privatif équipé d’un point d’eau et d’une porte sectionnelle avec commande à distance<br />
&#8211; Une cave </p>
<p>L’appartement est équipé d’un système anti-intrusion G4S (caméras à distance), de volets électriques et de rideaux en lin aux fenêtres.<br />
Passeport énergétique : FH<br />
Disponible:15.05.2026</p>

<p>Appartement de haut standing lumineux avec jardin privatif sis au rez-de-chaussée surélevé d’une élégante maison isolée dans une rue calme du village de Bridel. A proximité immédiate des commerces, écoles,&#8230;</p>

<!-- This site is optimized with the Yoast SEO plugin v27.3 - https://yoast.com/product/yoast-seo-wordpress/ -->
<title>Appartement Bridel - Agence Feitler</title>
<meta name="robots" content="index, follow, max-snippet:-1, max-image-preview:large, max-video-preview:-1" />
<link rel="canonical" href="https://agence-feitler.lu/de/property/wohnung-bridel-86186381/" />
<meta property="og:locale" content="de_DE" />
<meta property="og:type" content="article" />
<meta property="og:title" content="Appartement Bridel - Agence Feitler" />
<meta property="og:description" content="Appartement de haut standing lumineux avec jardin privatif sis au rez-de-chaussée surélevé d’une élégante maison isolée dans une rue calme du village de Bridel. A proximité immédiate des commerces, écoles,..." />
<meta property="og:url" content="https://agence-feitler.lu/de/property/wohnung-bridel-86186381/" />
<meta property="og:site_name" content="Agence Feitler" />
<meta property="article:modified_time" content="2026-03-04T13:24:16+00:00" />
<meta name="twitter:card" content="summary_large_image" />
<meta name="twitter:label1" content="Geschätzte Lesezeit" />
	<meta name="twitter:data1" content="1 Minute" />
<script type="application/ld+json" class="yoast-schema-graph">{"@context":"https:\/\/schema.org","@graph":[{"@type":"WebPage","@id":"https:\/\/agence-feitler.lu\/de\/property\/wohnung-bridel-86186381\/","url":"https:\/\/agence-feitler.lu\/de\/property\/wohnung-bridel-86186381\/","name":"Appartement Bridel - Agence Feitler","isPartOf":{"@id":"https:\/\/agence-feitler.lu\/de\/#website"},"datePublished":"2026-03-03T15:25:04+00:00","dateModified":"2026-03-04T13:24:16+00:00","breadcrumb":{"@id":"https:\/\/agence-feitler.lu\/de\/property\/wohnung-bridel-86186381\/#breadcrumb"},"inLanguage":"de","potentialAction":[{"@type":"ReadAction","target":["https:\/\/agence-feitler.lu\/de\/property\/wohnung-bridel-86186381\/"]}]},{"@type":"BreadcrumbList","@id":"https:\/\/agence-feitler.lu\/de\/property\/wohnung-bridel-86186381\/#breadcrumb","itemListElement":[{"@type":"ListItem","position":1,"name":"Start","item":"https:\/\/agence-feitler.lu\/de\/"},{"@type":"ListItem","position":2,"name":"Appartement Bridel"}]},{"@type":"WebSite","@id":"https:\/\/agence-feitler.lu\/de\/#website","url":"https:\/\/agence-feitler.lu\/de\/","name":"Agence Feitler","description":"","publisher":{"@id":"https:\/\/agence-feitler.lu\/de\/#organization"},"potentialAction":[{"@type":"SearchAction","target":{"@type":"EntryPoint","urlTemplate":"https:\/\/agence-feitler.lu\/de\/?s={search_term_string}"},"query-input":{"@type":"PropertyValueSpecification","valueRequired":true,"valueName":"search_term_string"}}],"inLanguage":"de"},{"@type":"Organization","@id":"https:\/\/agence-feitler.lu\/de\/#organization","name":"Agence Feitler","url":"https:\/\/agence-feitler.lu\/de\/","logo":{"@type":"ImageObject","inLanguage":"de","@id":"https:\/\/agence-feitler.lu\/de\/#\/schema\/logo\/image\/","url":"https:\/\/agence-feitler.lu\/wp-content\/uploads\/2025\/10\/mfeitler-fav.png","contentUrl":"https:\/\/agence-feitler.lu\/wp-content\/uploads\/2025\/10\/mfeitler-fav.png","width":512,"height":512,"caption":"Agence Feitler"},"image":{"@id":"https:\/\/agence-feitler.lu\/de\/#\/schema\/logo\/image\/"}}]}</script>
<!-- / Yoast SEO plugin. -->

Appartement de haut standing lumineux avec jardin privatif sis au rez-de-chaussée surélevé d’une élégante maison isolée dans une rue calme du village de Bridel. A proximité immédiate des commerces, écoles,...
