{"id":1809,"date":"2026-03-03T16:24:52","date_gmt":"2026-03-03T15:24:52","guid":{"rendered":"https:\/\/agence-feitler.lu\/property\/wohnung-luxembourg\/"},"modified":"2026-03-04T14:24:15","modified_gmt":"2026-03-04T13:24:15","slug":"wohnung-luxembourg-86185951","status":"publish","type":"property","link":"https:\/\/agence-feitler.lu\/de\/property\/wohnung-luxembourg-86185951\/","title":{"rendered":"Appartement Luxembourg"},"content":{"rendered":"<p>\u00c0 vendre<br \/>\nBeau duplex lumineux \u00e0 Luxembourg-Belair, trois chambres \u00e0 coucher (144 m2)<br \/>\nSitu\u00e9 au 4\u00e8me et dernier \u00e9tage d&#8217;une agr\u00e9able r\u00e9sidence bien entretenue de 5 \u00e9tages.<br \/>\nDisposition:<br \/>\n 1er niveau:<br \/>\n-Beau living donnant sur agr\u00e9able terrasse de 30,5 m2 orient\u00e9 sud,<br \/>\n-cuisine \u00e9quip\u00e9e s\u00e9par\u00e9e<br \/>\n-1 chambre \u00e0 coucher avec placard<br \/>\n-salle de bains<br \/>\n-WC s\u00e9par\u00e9<br \/>\n-hall d&#8217;entr\u00e9e<br \/>\n 2\u00e8me niveau:<br \/>\n-2 chambres \u00e0 coucher<br \/>\n-salle de bains<br \/>\n-d\u00e9gagement<br \/>\n Annexes et \u00e9quipements:<br \/>\n-cave privative<br \/>\n-2 parkings-souterrains<br \/>\nRev\u00eatement du sol: pierre naturelle, carrelage et parquet<br \/>\nPasseport \u00e9nerg\u00e9tique:EE<br \/>\nFen\u00eatres: double vitrage<br \/>\nChauffage au gaz de ville<br \/>\nAnn\u00e9e de construction: 1995<br \/>\n Atouts:<br \/>\n-bonne situation dans immeuble en retrait \/ quartier r\u00e9sidentiel<br \/>\n-\u00e0 proximit\u00e9 imm\u00e9diate des commerces, restaurants, du Centre Hospitalier<br \/>\n-bonne connexion bus et acc\u00e8s rapide vers autoroute<br \/>\nDisponible imm\u00e9diatement<\/p>\n","protected":false},"excerpt":{"rendered":"<p>\u00c0 vendre Beau duplex lumineux \u00e0 Luxembourg-Belair, trois chambres \u00e0 coucher (144 m2) Situ\u00e9 au 4\u00e8me et dernier \u00e9tage d&#8217;une agr\u00e9able r\u00e9sidence bien entretenue de 5 \u00e9tages. Disposition: 1er niveau:&#8230;<\/p>\n","protected":false},"featured_media":0,"template":"","meta":{"_acf_changed":false},"class_list":["post-1809","property","type-property","status-publish"],"acf":[],"yoast_head":"<!-- This site is optimized with the Yoast SEO plugin v27.3 - https:\/\/yoast.com\/product\/yoast-seo-wordpress\/ -->\n<title>Appartement Luxembourg - Agence Feitler<\/title>\n<meta name=\"robots\" content=\"index, follow, max-snippet:-1, max-image-preview:large, max-video-preview:-1\" \/>\n<link rel=\"canonical\" href=\"https:\/\/agence-feitler.lu\/de\/property\/wohnung-luxembourg-86185951\/\" \/>\n<meta property=\"og:locale\" content=\"de_DE\" \/>\n<meta property=\"og:type\" content=\"article\" \/>\n<meta property=\"og:title\" content=\"Appartement Luxembourg - Agence Feitler\" \/>\n<meta property=\"og:description\" content=\"\u00c0 vendre Beau duplex lumineux \u00e0 Luxembourg-Belair, trois chambres \u00e0 coucher (144 m2) Situ\u00e9 au 4\u00e8me et dernier \u00e9tage d&#8217;une agr\u00e9able r\u00e9sidence bien entretenue de 5 \u00e9tages. Disposition: 1er niveau:...\" \/>\n<meta property=\"og:url\" content=\"https:\/\/agence-feitler.lu\/de\/property\/wohnung-luxembourg-86185951\/\" \/>\n<meta property=\"og:site_name\" content=\"Agence Feitler\" \/>\n<meta property=\"article:modified_time\" content=\"2026-03-04T13:24:15+00:00\" \/>\n<meta name=\"twitter:card\" content=\"summary_large_image\" \/>\n<meta name=\"twitter:label1\" content=\"Gesch\u00e4tzte Lesezeit\" \/>\n\t<meta name=\"twitter:data1\" content=\"1\u00a0Minute\" \/>\n<script type=\"application\/ld+json\" class=\"yoast-schema-graph\">{\"@context\":\"https:\\\/\\\/schema.org\",\"@graph\":[{\"@type\":\"WebPage\",\"@id\":\"https:\\\/\\\/agence-feitler.lu\\\/de\\\/property\\\/wohnung-luxembourg-86185951\\\/\",\"url\":\"https:\\\/\\\/agence-feitler.lu\\\/de\\\/property\\\/wohnung-luxembourg-86185951\\\/\",\"name\":\"Appartement Luxembourg - Agence Feitler\",\"isPartOf\":{\"@id\":\"https:\\\/\\\/agence-feitler.lu\\\/de\\\/#website\"},\"datePublished\":\"2026-03-03T15:24:52+00:00\",\"dateModified\":\"2026-03-04T13:24:15+00:00\",\"breadcrumb\":{\"@id\":\"https:\\\/\\\/agence-feitler.lu\\\/de\\\/property\\\/wohnung-luxembourg-86185951\\\/#breadcrumb\"},\"inLanguage\":\"de\",\"potentialAction\":[{\"@type\":\"ReadAction\",\"target\":[\"https:\\\/\\\/agence-feitler.lu\\\/de\\\/property\\\/wohnung-luxembourg-86185951\\\/\"]}]},{\"@type\":\"BreadcrumbList\",\"@id\":\"https:\\\/\\\/agence-feitler.lu\\\/de\\\/property\\\/wohnung-luxembourg-86185951\\\/#breadcrumb\",\"itemListElement\":[{\"@type\":\"ListItem\",\"position\":1,\"name\":\"Start\",\"item\":\"https:\\\/\\\/agence-feitler.lu\\\/de\\\/\"},{\"@type\":\"ListItem\",\"position\":2,\"name\":\"Appartement Luxembourg\"}]},{\"@type\":\"WebSite\",\"@id\":\"https:\\\/\\\/agence-feitler.lu\\\/de\\\/#website\",\"url\":\"https:\\\/\\\/agence-feitler.lu\\\/de\\\/\",\"name\":\"Agence Feitler\",\"description\":\"\",\"publisher\":{\"@id\":\"https:\\\/\\\/agence-feitler.lu\\\/de\\\/#organization\"},\"potentialAction\":[{\"@type\":\"SearchAction\",\"target\":{\"@type\":\"EntryPoint\",\"urlTemplate\":\"https:\\\/\\\/agence-feitler.lu\\\/de\\\/?s={search_term_string}\"},\"query-input\":{\"@type\":\"PropertyValueSpecification\",\"valueRequired\":true,\"valueName\":\"search_term_string\"}}],\"inLanguage\":\"de\"},{\"@type\":\"Organization\",\"@id\":\"https:\\\/\\\/agence-feitler.lu\\\/de\\\/#organization\",\"name\":\"Agence Feitler\",\"url\":\"https:\\\/\\\/agence-feitler.lu\\\/de\\\/\",\"logo\":{\"@type\":\"ImageObject\",\"inLanguage\":\"de\",\"@id\":\"https:\\\/\\\/agence-feitler.lu\\\/de\\\/#\\\/schema\\\/logo\\\/image\\\/\",\"url\":\"https:\\\/\\\/agence-feitler.lu\\\/wp-content\\\/uploads\\\/2025\\\/10\\\/mfeitler-fav.png\",\"contentUrl\":\"https:\\\/\\\/agence-feitler.lu\\\/wp-content\\\/uploads\\\/2025\\\/10\\\/mfeitler-fav.png\",\"width\":512,\"height\":512,\"caption\":\"Agence Feitler\"},\"image\":{\"@id\":\"https:\\\/\\\/agence-feitler.lu\\\/de\\\/#\\\/schema\\\/logo\\\/image\\\/\"}}]}<\/script>\n<!-- \/ Yoast SEO plugin. -->","yoast_head_json":{"title":"Appartement Luxembourg - Agence Feitler","robots":{"index":"index","follow":"follow","max-snippet":"max-snippet:-1","max-image-preview":"max-image-preview:large","max-video-preview":"max-video-preview:-1"},"canonical":"https:\/\/agence-feitler.lu\/de\/property\/wohnung-luxembourg-86185951\/","og_locale":"de_DE","og_type":"article","og_title":"Appartement Luxembourg - Agence Feitler","og_description":"\u00c0 vendre Beau duplex lumineux \u00e0 Luxembourg-Belair, trois chambres \u00e0 coucher (144 m2) Situ\u00e9 au 4\u00e8me et dernier \u00e9tage d&#8217;une agr\u00e9able r\u00e9sidence bien entretenue de 5 \u00e9tages. Disposition: 1er niveau:...","og_url":"https:\/\/agence-feitler.lu\/de\/property\/wohnung-luxembourg-86185951\/","og_site_name":"Agence Feitler","article_modified_time":"2026-03-04T13:24:15+00:00","twitter_card":"summary_large_image","twitter_misc":{"Gesch\u00e4tzte Lesezeit":"1\u00a0Minute"},"schema":{"@context":"https:\/\/schema.org","@graph":[{"@type":"WebPage","@id":"https:\/\/agence-feitler.lu\/de\/property\/wohnung-luxembourg-86185951\/","url":"https:\/\/agence-feitler.lu\/de\/property\/wohnung-luxembourg-86185951\/","name":"Appartement Luxembourg - Agence Feitler","isPartOf":{"@id":"https:\/\/agence-feitler.lu\/de\/#website"},"datePublished":"2026-03-03T15:24:52+00:00","dateModified":"2026-03-04T13:24:15+00:00","breadcrumb":{"@id":"https:\/\/agence-feitler.lu\/de\/property\/wohnung-luxembourg-86185951\/#breadcrumb"},"inLanguage":"de","potentialAction":[{"@type":"ReadAction","target":["https:\/\/agence-feitler.lu\/de\/property\/wohnung-luxembourg-86185951\/"]}]},{"@type":"BreadcrumbList","@id":"https:\/\/agence-feitler.lu\/de\/property\/wohnung-luxembourg-86185951\/#breadcrumb","itemListElement":[{"@type":"ListItem","position":1,"name":"Start","item":"https:\/\/agence-feitler.lu\/de\/"},{"@type":"ListItem","position":2,"name":"Appartement Luxembourg"}]},{"@type":"WebSite","@id":"https:\/\/agence-feitler.lu\/de\/#website","url":"https:\/\/agence-feitler.lu\/de\/","name":"Agence Feitler","description":"","publisher":{"@id":"https:\/\/agence-feitler.lu\/de\/#organization"},"potentialAction":[{"@type":"SearchAction","target":{"@type":"EntryPoint","urlTemplate":"https:\/\/agence-feitler.lu\/de\/?s={search_term_string}"},"query-input":{"@type":"PropertyValueSpecification","valueRequired":true,"valueName":"search_term_string"}}],"inLanguage":"de"},{"@type":"Organization","@id":"https:\/\/agence-feitler.lu\/de\/#organization","name":"Agence Feitler","url":"https:\/\/agence-feitler.lu\/de\/","logo":{"@type":"ImageObject","inLanguage":"de","@id":"https:\/\/agence-feitler.lu\/de\/#\/schema\/logo\/image\/","url":"https:\/\/agence-feitler.lu\/wp-content\/uploads\/2025\/10\/mfeitler-fav.png","contentUrl":"https:\/\/agence-feitler.lu\/wp-content\/uploads\/2025\/10\/mfeitler-fav.png","width":512,"height":512,"caption":"Agence Feitler"},"image":{"@id":"https:\/\/agence-feitler.lu\/de\/#\/schema\/logo\/image\/"}}]}},"_links":{"self":[{"href":"https:\/\/agence-feitler.lu\/de\/wp-json\/wp\/v2\/property\/1809","targetHints":{"allow":["GET"]}}],"collection":[{"href":"https:\/\/agence-feitler.lu\/de\/wp-json\/wp\/v2\/property"}],"about":[{"href":"https:\/\/agence-feitler.lu\/de\/wp-json\/wp\/v2\/types\/property"}],"wp:attachment":[{"href":"https:\/\/agence-feitler.lu\/de\/wp-json\/wp\/v2\/media?parent=1809"}],"curies":[{"name":"wp","href":"https:\/\/api.w.org\/{rel}","templated":true}]}}

<p>À vendre<br />
Beau duplex lumineux à Luxembourg-Belair, trois chambres à coucher (144 m2)<br />
Situé au 4ème et dernier étage d&#8217;une agréable résidence bien entretenue de 5 étages.<br />
Disposition:<br />
 1er niveau:<br />
-Beau living donnant sur agréable terrasse de 30,5 m2 orienté sud,<br />
-cuisine équipée séparée<br />
-1 chambre à coucher avec placard<br />
-salle de bains<br />
-WC séparé<br />
-hall d&#8217;entrée<br />
 2ème niveau:<br />
-2 chambres à coucher<br />
-salle de bains<br />
-dégagement<br />
 Annexes et équipements:<br />
-cave privative<br />
-2 parkings-souterrains<br />
Revêtement du sol: pierre naturelle, carrelage et parquet<br />
Passeport énergétique:EE<br />
Fenêtres: double vitrage<br />
Chauffage au gaz de ville<br />
Année de construction: 1995<br />
 Atouts:<br />
-bonne situation dans immeuble en retrait / quartier résidentiel<br />
-à proximité immédiate des commerces, restaurants, du Centre Hospitalier<br />
-bonne connexion bus et accès rapide vers autoroute<br />
Disponible immédiatement</p>

<p>À vendre Beau duplex lumineux à Luxembourg-Belair, trois chambres à coucher (144 m2) Situé au 4ème et dernier étage d&#8217;une agréable résidence bien entretenue de 5 étages. Disposition: 1er niveau:&#8230;</p>

<!-- This site is optimized with the Yoast SEO plugin v27.3 - https://yoast.com/product/yoast-seo-wordpress/ -->
<title>Appartement Luxembourg - Agence Feitler</title>
<meta name="robots" content="index, follow, max-snippet:-1, max-image-preview:large, max-video-preview:-1" />
<link rel="canonical" href="https://agence-feitler.lu/de/property/wohnung-luxembourg-86185951/" />
<meta property="og:locale" content="de_DE" />
<meta property="og:type" content="article" />
<meta property="og:title" content="Appartement Luxembourg - Agence Feitler" />
<meta property="og:description" content="À vendre Beau duplex lumineux à Luxembourg-Belair, trois chambres à coucher (144 m2) Situé au 4ème et dernier étage d&#8217;une agréable résidence bien entretenue de 5 étages. Disposition: 1er niveau:..." />
<meta property="og:url" content="https://agence-feitler.lu/de/property/wohnung-luxembourg-86185951/" />
<meta property="og:site_name" content="Agence Feitler" />
<meta property="article:modified_time" content="2026-03-04T13:24:15+00:00" />
<meta name="twitter:card" content="summary_large_image" />
<meta name="twitter:label1" content="Geschätzte Lesezeit" />
	<meta name="twitter:data1" content="1 Minute" />
<script type="application/ld+json" class="yoast-schema-graph">{"@context":"https:\/\/schema.org","@graph":[{"@type":"WebPage","@id":"https:\/\/agence-feitler.lu\/de\/property\/wohnung-luxembourg-86185951\/","url":"https:\/\/agence-feitler.lu\/de\/property\/wohnung-luxembourg-86185951\/","name":"Appartement Luxembourg - Agence Feitler","isPartOf":{"@id":"https:\/\/agence-feitler.lu\/de\/#website"},"datePublished":"2026-03-03T15:24:52+00:00","dateModified":"2026-03-04T13:24:15+00:00","breadcrumb":{"@id":"https:\/\/agence-feitler.lu\/de\/property\/wohnung-luxembourg-86185951\/#breadcrumb"},"inLanguage":"de","potentialAction":[{"@type":"ReadAction","target":["https:\/\/agence-feitler.lu\/de\/property\/wohnung-luxembourg-86185951\/"]}]},{"@type":"BreadcrumbList","@id":"https:\/\/agence-feitler.lu\/de\/property\/wohnung-luxembourg-86185951\/#breadcrumb","itemListElement":[{"@type":"ListItem","position":1,"name":"Start","item":"https:\/\/agence-feitler.lu\/de\/"},{"@type":"ListItem","position":2,"name":"Appartement Luxembourg"}]},{"@type":"WebSite","@id":"https:\/\/agence-feitler.lu\/de\/#website","url":"https:\/\/agence-feitler.lu\/de\/","name":"Agence Feitler","description":"","publisher":{"@id":"https:\/\/agence-feitler.lu\/de\/#organization"},"potentialAction":[{"@type":"SearchAction","target":{"@type":"EntryPoint","urlTemplate":"https:\/\/agence-feitler.lu\/de\/?s={search_term_string}"},"query-input":{"@type":"PropertyValueSpecification","valueRequired":true,"valueName":"search_term_string"}}],"inLanguage":"de"},{"@type":"Organization","@id":"https:\/\/agence-feitler.lu\/de\/#organization","name":"Agence Feitler","url":"https:\/\/agence-feitler.lu\/de\/","logo":{"@type":"ImageObject","inLanguage":"de","@id":"https:\/\/agence-feitler.lu\/de\/#\/schema\/logo\/image\/","url":"https:\/\/agence-feitler.lu\/wp-content\/uploads\/2025\/10\/mfeitler-fav.png","contentUrl":"https:\/\/agence-feitler.lu\/wp-content\/uploads\/2025\/10\/mfeitler-fav.png","width":512,"height":512,"caption":"Agence Feitler"},"image":{"@id":"https:\/\/agence-feitler.lu\/de\/#\/schema\/logo\/image\/"}}]}</script>
<!-- / Yoast SEO plugin. -->

À vendre Beau duplex lumineux à Luxembourg-Belair, trois chambres à coucher (144 m2) Situé au 4ème et dernier étage d&#8217;une agréable résidence bien entretenue de 5 étages. Disposition: 1er niveau:...
