{"id":1803,"date":"2026-03-03T16:24:49","date_gmt":"2026-03-03T15:24:49","guid":{"rendered":"https:\/\/agence-feitler.lu\/property\/wohnung-niederanven\/"},"modified":"2026-03-04T14:24:15","modified_gmt":"2026-03-04T13:24:15","slug":"wohnung-niederanven-86685996","status":"publish","type":"property","link":"https:\/\/agence-feitler.lu\/de\/property\/wohnung-niederanven-86685996\/","title":{"rendered":"Appartement Niederanven"},"content":{"rendered":"<p>Agr\u00e9able appartement sis en rez-de-jardin \u00e0 vendre de 102,89 m2 dans petite R\u00e9sidence r\u00e9cente de 2019.<br \/>\nLe bien se compose comme suit:<br \/>\nS\u00e9jour avec cuisine \u00e9quip\u00e9e de 48 m2 donnant sur terrasse avec jardinet de 27,75 m2 (orientation sud-ouest), une chambre parentale de 16,85 m2 avec salle de douche (double lavabo et WC), une chambre \u00e0 coucher de 13,88 m2, salle de bains, WC s\u00e9par\u00e9, d\u00e9barras avec raccordement lave-linge, hall d&#8217;entr\u00e9e, cave, buanderie commune, emplacement parking m\u00e9canique<\/p>\n<p>Rev\u00eatement du sol: parquet massif et carrelage<br \/>\nFen\u00eatres : triple vitrage ext\u00e9rieur aluminium et int\u00e9rieur bois \/ volet rafstore<br \/>\nHauteur sous plafond : 2,70 m<\/p>\n<p>Hostert petit village fait parti de la commune de Niederanven,  qui offre toutes les commodit\u00e9s pratiques et n\u00e9cessaires au quotidien de ses r\u00e9sidents<\/p>\n","protected":false},"excerpt":{"rendered":"<p>Agr\u00e9able appartement sis en rez-de-jardin \u00e0 vendre de 102,89 m2 dans petite R\u00e9sidence r\u00e9cente de 2019. Le bien se compose comme suit: S\u00e9jour avec cuisine \u00e9quip\u00e9e de 48 m2 donnant&#8230;<\/p>\n","protected":false},"featured_media":0,"template":"","meta":{"_acf_changed":false},"class_list":["post-1803","property","type-property","status-publish"],"acf":[],"yoast_head":"<!-- This site is optimized with the Yoast SEO plugin v27.3 - https:\/\/yoast.com\/product\/yoast-seo-wordpress\/ -->\n<title>Appartement Niederanven - Agence Feitler<\/title>\n<meta name=\"robots\" content=\"index, follow, max-snippet:-1, max-image-preview:large, max-video-preview:-1\" \/>\n<link rel=\"canonical\" href=\"https:\/\/agence-feitler.lu\/de\/property\/wohnung-niederanven-86685996\/\" \/>\n<meta property=\"og:locale\" content=\"de_DE\" \/>\n<meta property=\"og:type\" content=\"article\" \/>\n<meta property=\"og:title\" content=\"Appartement Niederanven - Agence Feitler\" \/>\n<meta property=\"og:description\" content=\"Agr\u00e9able appartement sis en rez-de-jardin \u00e0 vendre de 102,89 m2 dans petite R\u00e9sidence r\u00e9cente de 2019. Le bien se compose comme suit: S\u00e9jour avec cuisine \u00e9quip\u00e9e de 48 m2 donnant...\" \/>\n<meta property=\"og:url\" content=\"https:\/\/agence-feitler.lu\/de\/property\/wohnung-niederanven-86685996\/\" \/>\n<meta property=\"og:site_name\" content=\"Agence Feitler\" \/>\n<meta property=\"article:modified_time\" content=\"2026-03-04T13:24:15+00:00\" \/>\n<meta name=\"twitter:card\" content=\"summary_large_image\" \/>\n<meta name=\"twitter:label1\" content=\"Gesch\u00e4tzte Lesezeit\" \/>\n\t<meta name=\"twitter:data1\" content=\"1\u00a0Minute\" \/>\n<script type=\"application\/ld+json\" class=\"yoast-schema-graph\">{\"@context\":\"https:\\\/\\\/schema.org\",\"@graph\":[{\"@type\":\"WebPage\",\"@id\":\"https:\\\/\\\/agence-feitler.lu\\\/de\\\/property\\\/wohnung-niederanven-86685996\\\/\",\"url\":\"https:\\\/\\\/agence-feitler.lu\\\/de\\\/property\\\/wohnung-niederanven-86685996\\\/\",\"name\":\"Appartement Niederanven - Agence Feitler\",\"isPartOf\":{\"@id\":\"https:\\\/\\\/agence-feitler.lu\\\/de\\\/#website\"},\"datePublished\":\"2026-03-03T15:24:49+00:00\",\"dateModified\":\"2026-03-04T13:24:15+00:00\",\"breadcrumb\":{\"@id\":\"https:\\\/\\\/agence-feitler.lu\\\/de\\\/property\\\/wohnung-niederanven-86685996\\\/#breadcrumb\"},\"inLanguage\":\"de\",\"potentialAction\":[{\"@type\":\"ReadAction\",\"target\":[\"https:\\\/\\\/agence-feitler.lu\\\/de\\\/property\\\/wohnung-niederanven-86685996\\\/\"]}]},{\"@type\":\"BreadcrumbList\",\"@id\":\"https:\\\/\\\/agence-feitler.lu\\\/de\\\/property\\\/wohnung-niederanven-86685996\\\/#breadcrumb\",\"itemListElement\":[{\"@type\":\"ListItem\",\"position\":1,\"name\":\"Start\",\"item\":\"https:\\\/\\\/agence-feitler.lu\\\/de\\\/\"},{\"@type\":\"ListItem\",\"position\":2,\"name\":\"Appartement Niederanven\"}]},{\"@type\":\"WebSite\",\"@id\":\"https:\\\/\\\/agence-feitler.lu\\\/de\\\/#website\",\"url\":\"https:\\\/\\\/agence-feitler.lu\\\/de\\\/\",\"name\":\"Agence Feitler\",\"description\":\"\",\"publisher\":{\"@id\":\"https:\\\/\\\/agence-feitler.lu\\\/de\\\/#organization\"},\"potentialAction\":[{\"@type\":\"SearchAction\",\"target\":{\"@type\":\"EntryPoint\",\"urlTemplate\":\"https:\\\/\\\/agence-feitler.lu\\\/de\\\/?s={search_term_string}\"},\"query-input\":{\"@type\":\"PropertyValueSpecification\",\"valueRequired\":true,\"valueName\":\"search_term_string\"}}],\"inLanguage\":\"de\"},{\"@type\":\"Organization\",\"@id\":\"https:\\\/\\\/agence-feitler.lu\\\/de\\\/#organization\",\"name\":\"Agence Feitler\",\"url\":\"https:\\\/\\\/agence-feitler.lu\\\/de\\\/\",\"logo\":{\"@type\":\"ImageObject\",\"inLanguage\":\"de\",\"@id\":\"https:\\\/\\\/agence-feitler.lu\\\/de\\\/#\\\/schema\\\/logo\\\/image\\\/\",\"url\":\"https:\\\/\\\/agence-feitler.lu\\\/wp-content\\\/uploads\\\/2025\\\/10\\\/mfeitler-fav.png\",\"contentUrl\":\"https:\\\/\\\/agence-feitler.lu\\\/wp-content\\\/uploads\\\/2025\\\/10\\\/mfeitler-fav.png\",\"width\":512,\"height\":512,\"caption\":\"Agence Feitler\"},\"image\":{\"@id\":\"https:\\\/\\\/agence-feitler.lu\\\/de\\\/#\\\/schema\\\/logo\\\/image\\\/\"}}]}<\/script>\n<!-- \/ Yoast SEO plugin. -->","yoast_head_json":{"title":"Appartement Niederanven - Agence Feitler","robots":{"index":"index","follow":"follow","max-snippet":"max-snippet:-1","max-image-preview":"max-image-preview:large","max-video-preview":"max-video-preview:-1"},"canonical":"https:\/\/agence-feitler.lu\/de\/property\/wohnung-niederanven-86685996\/","og_locale":"de_DE","og_type":"article","og_title":"Appartement Niederanven - Agence Feitler","og_description":"Agr\u00e9able appartement sis en rez-de-jardin \u00e0 vendre de 102,89 m2 dans petite R\u00e9sidence r\u00e9cente de 2019. Le bien se compose comme suit: S\u00e9jour avec cuisine \u00e9quip\u00e9e de 48 m2 donnant...","og_url":"https:\/\/agence-feitler.lu\/de\/property\/wohnung-niederanven-86685996\/","og_site_name":"Agence Feitler","article_modified_time":"2026-03-04T13:24:15+00:00","twitter_card":"summary_large_image","twitter_misc":{"Gesch\u00e4tzte Lesezeit":"1\u00a0Minute"},"schema":{"@context":"https:\/\/schema.org","@graph":[{"@type":"WebPage","@id":"https:\/\/agence-feitler.lu\/de\/property\/wohnung-niederanven-86685996\/","url":"https:\/\/agence-feitler.lu\/de\/property\/wohnung-niederanven-86685996\/","name":"Appartement Niederanven - Agence Feitler","isPartOf":{"@id":"https:\/\/agence-feitler.lu\/de\/#website"},"datePublished":"2026-03-03T15:24:49+00:00","dateModified":"2026-03-04T13:24:15+00:00","breadcrumb":{"@id":"https:\/\/agence-feitler.lu\/de\/property\/wohnung-niederanven-86685996\/#breadcrumb"},"inLanguage":"de","potentialAction":[{"@type":"ReadAction","target":["https:\/\/agence-feitler.lu\/de\/property\/wohnung-niederanven-86685996\/"]}]},{"@type":"BreadcrumbList","@id":"https:\/\/agence-feitler.lu\/de\/property\/wohnung-niederanven-86685996\/#breadcrumb","itemListElement":[{"@type":"ListItem","position":1,"name":"Start","item":"https:\/\/agence-feitler.lu\/de\/"},{"@type":"ListItem","position":2,"name":"Appartement Niederanven"}]},{"@type":"WebSite","@id":"https:\/\/agence-feitler.lu\/de\/#website","url":"https:\/\/agence-feitler.lu\/de\/","name":"Agence Feitler","description":"","publisher":{"@id":"https:\/\/agence-feitler.lu\/de\/#organization"},"potentialAction":[{"@type":"SearchAction","target":{"@type":"EntryPoint","urlTemplate":"https:\/\/agence-feitler.lu\/de\/?s={search_term_string}"},"query-input":{"@type":"PropertyValueSpecification","valueRequired":true,"valueName":"search_term_string"}}],"inLanguage":"de"},{"@type":"Organization","@id":"https:\/\/agence-feitler.lu\/de\/#organization","name":"Agence Feitler","url":"https:\/\/agence-feitler.lu\/de\/","logo":{"@type":"ImageObject","inLanguage":"de","@id":"https:\/\/agence-feitler.lu\/de\/#\/schema\/logo\/image\/","url":"https:\/\/agence-feitler.lu\/wp-content\/uploads\/2025\/10\/mfeitler-fav.png","contentUrl":"https:\/\/agence-feitler.lu\/wp-content\/uploads\/2025\/10\/mfeitler-fav.png","width":512,"height":512,"caption":"Agence Feitler"},"image":{"@id":"https:\/\/agence-feitler.lu\/de\/#\/schema\/logo\/image\/"}}]}},"_links":{"self":[{"href":"https:\/\/agence-feitler.lu\/de\/wp-json\/wp\/v2\/property\/1803","targetHints":{"allow":["GET"]}}],"collection":[{"href":"https:\/\/agence-feitler.lu\/de\/wp-json\/wp\/v2\/property"}],"about":[{"href":"https:\/\/agence-feitler.lu\/de\/wp-json\/wp\/v2\/types\/property"}],"wp:attachment":[{"href":"https:\/\/agence-feitler.lu\/de\/wp-json\/wp\/v2\/media?parent=1803"}],"curies":[{"name":"wp","href":"https:\/\/api.w.org\/{rel}","templated":true}]}}

<p>Agréable appartement sis en rez-de-jardin à vendre de 102,89 m2 dans petite Résidence récente de 2019.<br />
Le bien se compose comme suit:<br />
Séjour avec cuisine équipée de 48 m2 donnant sur terrasse avec jardinet de 27,75 m2 (orientation sud-ouest), une chambre parentale de 16,85 m2 avec salle de douche (double lavabo et WC), une chambre à coucher de 13,88 m2, salle de bains, WC séparé, débarras avec raccordement lave-linge, hall d&#8217;entrée, cave, buanderie commune, emplacement parking mécanique</p>
<p>Revêtement du sol: parquet massif et carrelage<br />
Fenêtres : triple vitrage extérieur aluminium et intérieur bois / volet rafstore<br />
Hauteur sous plafond : 2,70 m</p>
<p>Hostert petit village fait parti de la commune de Niederanven,  qui offre toutes les commodités pratiques et nécessaires au quotidien de ses résidents</p>

<p>Agréable appartement sis en rez-de-jardin à vendre de 102,89 m2 dans petite Résidence récente de 2019. Le bien se compose comme suit: Séjour avec cuisine équipée de 48 m2 donnant&#8230;</p>

<!-- This site is optimized with the Yoast SEO plugin v27.3 - https://yoast.com/product/yoast-seo-wordpress/ -->
<title>Appartement Niederanven - Agence Feitler</title>
<meta name="robots" content="index, follow, max-snippet:-1, max-image-preview:large, max-video-preview:-1" />
<link rel="canonical" href="https://agence-feitler.lu/de/property/wohnung-niederanven-86685996/" />
<meta property="og:locale" content="de_DE" />
<meta property="og:type" content="article" />
<meta property="og:title" content="Appartement Niederanven - Agence Feitler" />
<meta property="og:description" content="Agréable appartement sis en rez-de-jardin à vendre de 102,89 m2 dans petite Résidence récente de 2019. Le bien se compose comme suit: Séjour avec cuisine équipée de 48 m2 donnant..." />
<meta property="og:url" content="https://agence-feitler.lu/de/property/wohnung-niederanven-86685996/" />
<meta property="og:site_name" content="Agence Feitler" />
<meta property="article:modified_time" content="2026-03-04T13:24:15+00:00" />
<meta name="twitter:card" content="summary_large_image" />
<meta name="twitter:label1" content="Geschätzte Lesezeit" />
	<meta name="twitter:data1" content="1 Minute" />
<script type="application/ld+json" class="yoast-schema-graph">{"@context":"https:\/\/schema.org","@graph":[{"@type":"WebPage","@id":"https:\/\/agence-feitler.lu\/de\/property\/wohnung-niederanven-86685996\/","url":"https:\/\/agence-feitler.lu\/de\/property\/wohnung-niederanven-86685996\/","name":"Appartement Niederanven - Agence Feitler","isPartOf":{"@id":"https:\/\/agence-feitler.lu\/de\/#website"},"datePublished":"2026-03-03T15:24:49+00:00","dateModified":"2026-03-04T13:24:15+00:00","breadcrumb":{"@id":"https:\/\/agence-feitler.lu\/de\/property\/wohnung-niederanven-86685996\/#breadcrumb"},"inLanguage":"de","potentialAction":[{"@type":"ReadAction","target":["https:\/\/agence-feitler.lu\/de\/property\/wohnung-niederanven-86685996\/"]}]},{"@type":"BreadcrumbList","@id":"https:\/\/agence-feitler.lu\/de\/property\/wohnung-niederanven-86685996\/#breadcrumb","itemListElement":[{"@type":"ListItem","position":1,"name":"Start","item":"https:\/\/agence-feitler.lu\/de\/"},{"@type":"ListItem","position":2,"name":"Appartement Niederanven"}]},{"@type":"WebSite","@id":"https:\/\/agence-feitler.lu\/de\/#website","url":"https:\/\/agence-feitler.lu\/de\/","name":"Agence Feitler","description":"","publisher":{"@id":"https:\/\/agence-feitler.lu\/de\/#organization"},"potentialAction":[{"@type":"SearchAction","target":{"@type":"EntryPoint","urlTemplate":"https:\/\/agence-feitler.lu\/de\/?s={search_term_string}"},"query-input":{"@type":"PropertyValueSpecification","valueRequired":true,"valueName":"search_term_string"}}],"inLanguage":"de"},{"@type":"Organization","@id":"https:\/\/agence-feitler.lu\/de\/#organization","name":"Agence Feitler","url":"https:\/\/agence-feitler.lu\/de\/","logo":{"@type":"ImageObject","inLanguage":"de","@id":"https:\/\/agence-feitler.lu\/de\/#\/schema\/logo\/image\/","url":"https:\/\/agence-feitler.lu\/wp-content\/uploads\/2025\/10\/mfeitler-fav.png","contentUrl":"https:\/\/agence-feitler.lu\/wp-content\/uploads\/2025\/10\/mfeitler-fav.png","width":512,"height":512,"caption":"Agence Feitler"},"image":{"@id":"https:\/\/agence-feitler.lu\/de\/#\/schema\/logo\/image\/"}}]}</script>
<!-- / Yoast SEO plugin. -->

Agréable appartement sis en rez-de-jardin à vendre de 102,89 m2 dans petite Résidence récente de 2019. Le bien se compose comme suit: Séjour avec cuisine équipée de 48 m2 donnant...
